{"id":635,"date":"2022-02-21T22:29:11","date_gmt":"2022-02-21T22:29:11","guid":{"rendered":"https:\/\/pages.cnpem.br\/anuario\/?page_id=635"},"modified":"2022-08-15T12:57:51","modified_gmt":"2022-08-15T12:57:51","slug":"expediente","status":"publish","type":"page","link":"https:\/\/pages.cnpem.br\/anuario\/expediente\/","title":{"rendered":"EXPEDIENTE"},"content":{"rendered":"<div class=\"wpb-content-wrapper\"><p>[vc_row][vc_column][vc_row_inner][vc_column_inner][\/vc_column_inner][\/vc_row_inner][vc_custom_heading source=&#8221;post_title&#8221; font_container=&#8221;tag:h2|text_align:left|color:%23000000&#8243; use_theme_fonts=&#8221;yes&#8221;][vc_separator color=&#8221;black&#8221; style=&#8221;dashed&#8221;][\/vc_column][\/vc_row][vc_row][vc_column width=&#8221;1\/2&#8243;][\/vc_column][vc_column width=&#8221;1\/2&#8243;][vc_column_text]<strong>Por Dentro do CNPEM \u2013 Quarta edi\u00e7\u00e3o<\/strong><br \/>\n<em>Inside CNPEM \u2013 Fourth edition<\/em>[\/vc_column_text][vc_separator color=&#8221;black&#8221; style=&#8221;dashed&#8221;][\/vc_column][\/vc_row][vc_row][vc_column width=&#8221;1\/4&#8243;][vc_column_text]<strong>Minist\u00e9rio da Ci\u00eancia,<\/strong><br \/>\n<strong>Tecnologia e Inova\u00e7\u00f5es<\/strong><br \/>\n<em>Brazilian Ministry of Science,<\/em><br \/>\n<em>Technology and Innovations<\/em>[\/vc_column_text][vc_column_text]<strong>Paulo Alvim<\/strong><br \/>\nMinistro de Estado<br \/>\n<em>Minister of State<\/em><\/p>\n<p><strong>Sergio Freitas de Almeida<\/strong><br \/>\nSecret\u00e1rio Executivo<br \/>\n<em>Executive Secretary<\/em>[\/vc_column_text][vc_column_text]<strong>Conselho de Administra\u00e7\u00e3o<\/strong><br \/>\n<strong>do CNPEM<\/strong><br \/>\n<em>CNPEM Management Board<\/em>[\/vc_column_text][vc_column_text]<strong>Rog\u00e9rio Cezar de<\/strong><br \/>\n<strong>Cerqueira Leite<\/strong><br \/>\nPresidente<br \/>\n<em>President<\/em><\/p>\n<p><strong>Reginaldo dos Santos<\/strong><br \/>\n<strong>Luiz Arnaldo Pereira da<\/strong><br \/>\n<strong>Cunha Junior<\/strong><br \/>\n<strong>Marcelo Marcos Morales<\/strong><br \/>\n<strong>Paulo C\u00e9sar Rezende<\/strong><br \/>\n<strong>de Carvalho Alvim<\/strong><br \/>\n<strong>Carlos Eduardo<\/strong><br \/>\n<strong>Sanches da Silva<\/strong><br \/>\n<strong>Jailson Bittencourt<\/strong><br \/>\n<strong>de Andradre<\/strong><br \/>\n<strong>Paulo Roberto Gandolfi<\/strong><br \/>\n<strong>Maurilio Biagi Filho<br \/>\nPaulo Eduardo Artaxo Nett<\/strong>o<br \/>\n<strong>Marcia Cristina<\/strong><br \/>\n<strong>Bernardes Barbosa<\/strong><br \/>\n<strong>Patricia Rieken<\/strong><br \/>\n<strong>Macedo Rocco<\/strong><br \/>\n<strong>Virginia Sampaio<\/strong><br \/>\n<strong>Teixeira Ciminelli<\/strong><br \/>\n<strong>Antonio Rubens<\/strong><br \/>\n<strong>Britto de Castro<\/strong>[\/vc_column_text][\/vc_column][vc_column width=&#8221;1\/4&#8243;][vc_column_text]<strong>Diretores<\/strong><br \/>\n<em>Directors<\/em><\/p>\n<p><strong>Antonio Jos\u00e9<\/strong><br \/>\n<strong>Roque da Silva<\/strong><br \/>\nDiretor-Geral<br \/>\n<em>Director-General<\/em><\/p>\n<p><strong>Renata Aquino<\/strong><br \/>\nDiretora de<br \/>\nAdministra\u00e7\u00e3o Interina<br \/>\n<em>Interim Management<\/em><br \/>\n<em>Director<\/em><\/p>\n<p><strong>Harry Westfahl Jr.<\/strong><br \/>\nDiretor do Laborat\u00f3rio<br \/>\nNacional de Luz<br \/>\nS\u00edncrotron \u2013 LNLS<br \/>\n<em>Director \u2013 Brazilian<\/em><br \/>\n<em>Synchrotron Light<\/em><br \/>\n<em>Laboratory \u2013 LNLS<\/em><\/p>\n<p><strong>Kleber Gomes Franchini<\/strong><br \/>\nDiretor do Laborat\u00f3rio<br \/>\nNacional de<br \/>\nBioci\u00eancias \u2013 LNBio<br \/>\n<em>Director \u2013 Brazilian<\/em><br \/>\n<em>Biosciences National<\/em><br \/>\n<em>Laboratory \u2013 LNBio<\/em><\/p>\n<p><strong>Eduardo do Couto e Silva<\/strong><br \/>\nDiretor do Laborat\u00f3rio<br \/>\nNacional de<br \/>\nBiorrenov\u00e1veis &#8211; LNBR<br \/>\n<em>Director \u2013 Brazilian<\/em><br \/>\n<em>Biorenewables National<\/em><br \/>\n<em>Laboratory \u2013 LNBR<\/em><\/p>\n<p><strong>Rodrigo Capaz<\/strong><br \/>\nDiretor do Laborat\u00f3rio<br \/>\nNacional de<br \/>\nNanotecnologia \u2013 LNNano<br \/>\n<em>Director \u2013 Brazilian<\/em><br \/>\n<em>Nanotechnology National<\/em><br \/>\n<em>Laboratory \u2013 LNNano<\/em><\/p>\n<p><strong>Adalberto Fazzio<\/strong><br \/>\nDiretor &#8211; Ilum<br \/>\nEscola de Ci\u00eancias<br \/>\n<em>Director &#8211; Ilum School<\/em><br \/>\n<em>of Sciences<\/em>[\/vc_column_text][\/vc_column][vc_column width=&#8221;1\/4&#8243;][vc_column_text]Realiza\u00e7\u00e3o e Textos<br \/>\n<em>Initiative and Texts<\/em><\/p>\n<p><strong>Assessoria de<\/strong><br \/>\n<strong>Comunica\u00e7\u00e3o do CNPEM<\/strong><br \/>\n<strong><em>CNPEM Communications<\/em><\/strong><br \/>\n<strong><em>Office<\/em><\/strong><\/p>\n<p>&nbsp;<\/p>\n<p>Produ\u00e7\u00e3o e Edi\u00e7\u00e3o<br \/>\n<em>Production and Editing<\/em><\/p>\n<p><strong>Cristiane Delfina Duarte<\/strong><br \/>\n<strong>Luciana Noronha &#8211;<\/strong><br \/>\n<strong>MTB 0026595\/RJ<\/strong><br \/>\n<strong>Maria Livia Ramos<\/strong><br \/>\n<strong>Gon\u00e7alves<br \/>\n<\/strong><br \/>\nDesenvolvimento<br \/>\n<em>Development<br \/>\n<\/em><br \/>\n<strong>Amanda Coltro<\/strong><br \/>\n<strong>Ariane Almeida<\/strong><br \/>\n<strong>Dora Aquino<\/strong><br \/>\n<strong>Erik Nardini Medina<\/strong><br \/>\n<strong>Gustavo Martins Moreno<br \/>\nIsabela Grandini<br \/>\nLet\u00edcia Loyola<\/strong><br \/>\n<strong>Murilo Oliveira<\/strong><br \/>\n<strong>Renan Picoreti<\/strong><\/p>\n<p><strong>Reberson Ricci<\/strong> &#8211; How Brain<br \/>\n<strong>Adriana Villar<\/strong> &#8211; How Brain<\/p>\n<p>Estagi\u00e1ria<br \/>\n<em>Intern<\/em><br \/>\n<strong>Laura Andare<\/strong><\/p>\n<p>&nbsp;<\/p>\n<p>Colaboraram<br \/>\ncom os textos e imagens<br \/>\n<em>Contributors<br \/>\n<\/em><br \/>\n<strong>Andrey Nascimento<\/strong><br \/>\n<strong>Arline Melo<\/strong><br \/>\n<strong>Patr\u00edcia Toledo<\/strong><br \/>\n<strong>Juciane Andr\u00e9<\/strong><br \/>\n<strong>Kleber Santos<\/strong><br \/>\n<strong>Elaine Guedes<\/strong>[\/vc_column_text][\/vc_column][vc_column width=&#8221;1\/4&#8243;][vc_column_text]<strong>Edson Leite<\/strong><br \/>\n<strong>Marcia Story<\/strong><br \/>\n<strong>Elisabeth de Oliveira<\/strong><br \/>\n<strong>Selma Tsuda<\/strong><br \/>\n<strong>Raquel Scatolin<\/strong><br \/>\n<strong>Micael Nagai<\/strong><br \/>\n<strong>Giovanna Gielfi<\/strong><br \/>\n<strong>Renata Rocha<\/strong><br \/>\n<strong>Mario Murakami<\/strong><br \/>\n<strong>Maiko Carlos de Barros<\/strong><br \/>\n<strong>Carlos Alberto de<\/strong><br \/>\n<strong>Oliveira Filho<\/strong><br \/>\n<strong>H\u00e9lio Tolentino<\/strong><\/p>\n<p>Projeto Gr\u00e1fico<br \/>\n<em>Design<\/em><\/p>\n<p><strong>Andr\u00e9a Miranda<\/strong><\/p>\n<p>Programa\u00e7\u00e3o<br \/>\n<em>Coding<\/em><\/p>\n<p><strong>Novo M\u00e9todo<\/strong><\/p>\n<p>Ilustra\u00e7\u00f5es<br \/>\n<em>Illustration<\/em><\/p>\n<p><strong>Amanda Coltro<\/strong><\/p>\n<p>Fotografia<br \/>\n<em>Photography<\/em><\/p>\n<p><strong>Guilherme Galembeck<\/strong><br \/>\n<strong>Giancarlo Giannelli<\/strong><br \/>\n<strong>Julio Fujikawa<\/strong><br \/>\n<strong>Assessoria de<\/strong><br \/>\n<strong>Comunica\u00e7\u00e3o CNPEM<\/strong><\/p>\n<p>Tradu\u00e7\u00e3o<br \/>\n<em>Translation<\/em><\/p>\n<p><strong>Tracy Miyake<\/strong>[\/vc_column_text][\/vc_column][\/vc_row]<\/p>\n<\/div>","protected":false},"excerpt":{"rendered":"<p>[vc_row][vc_column][vc_row_inner][vc_column_inner][\/vc_column_inner][\/vc_row_inner][vc_custom_heading source=&#8221;post_title&#8221; font_container=&#8221;tag:h2|text_align:left|color:%23000000&#8243; use_theme_fonts=&#8221;yes&#8221;][vc_separator color=&#8221;black&#8221; style=&#8221;dashed&#8221;][\/vc_column][\/vc_row][vc_row][vc_column width=&#8221;1\/2&#8243;][\/vc_column][vc_column width=&#8221;1\/2&#8243;][vc_column_text]Por Dentro do CNPEM \u2013 Quarta edi\u00e7\u00e3o Inside CNPEM \u2013 Fourth edition[\/vc_column_text][vc_separator color=&#8221;black&#8221; style=&#8221;dashed&#8221;][\/vc_column][\/vc_row][vc_row][vc_column width=&#8221;1\/4&#8243;][vc_column_text]Minist\u00e9rio da Ci\u00eancia, Tecnologia e Inova\u00e7\u00f5es Brazilian Ministry of Science, Technology and Innovations[\/vc_column_text][vc_column_text]Paulo Alvim Ministro de Estado Minister of State Sergio Freitas de Almeida Secret\u00e1rio Executivo Executive Secretary[\/vc_column_text][vc_column_text]Conselho de Administra\u00e7\u00e3o do CNPEM CNPEM Management&hellip;<\/p>\n","protected":false},"author":1471,"featured_media":0,"parent":0,"menu_order":1,"comment_status":"closed","ping_status":"closed","template":"","meta":{"footnotes":""},"class_list":["post-635","page","type-page","status-publish","hentry","description-off"],"jetpack_sharing_enabled":true,"_links":{"self":[{"href":"https:\/\/pages.cnpem.br\/anuario\/wp-json\/wp\/v2\/pages\/635","targetHints":{"allow":["GET"]}}],"collection":[{"href":"https:\/\/pages.cnpem.br\/anuario\/wp-json\/wp\/v2\/pages"}],"about":[{"href":"https:\/\/pages.cnpem.br\/anuario\/wp-json\/wp\/v2\/types\/page"}],"author":[{"embeddable":true,"href":"https:\/\/pages.cnpem.br\/anuario\/wp-json\/wp\/v2\/users\/1471"}],"replies":[{"embeddable":true,"href":"https:\/\/pages.cnpem.br\/anuario\/wp-json\/wp\/v2\/comments?post=635"}],"version-history":[{"count":0,"href":"https:\/\/pages.cnpem.br\/anuario\/wp-json\/wp\/v2\/pages\/635\/revisions"}],"wp:attachment":[{"href":"https:\/\/pages.cnpem.br\/anuario\/wp-json\/wp\/v2\/media?parent=635"}],"curies":[{"name":"wp","href":"https:\/\/api.w.org\/{rel}","templated":true}]}}