{"id":1175,"date":"2018-08-27T09:55:43","date_gmt":"2018-08-27T12:55:43","guid":{"rendered":"http:\/\/pages.cnpem.br\/bolsasdeverao\/?page_id=1175"},"modified":"2021-09-23T16:32:43","modified_gmt":"2021-09-23T19:32:43","slug":"laboratorios-nacionais-do-cnpem","status":"publish","type":"page","link":"https:\/\/pages.cnpem.br\/bolsasdeverao\/laboratorios-nacionais-do-cnpem\/","title":{"rendered":"Laborat\u00f3rios Nacionais do CNPEM"},"content":{"rendered":"<p style=\"text-align: justify\"><a href=\"https:\/\/pages.cnpem.br\/bolsasdeverao\/es\/laboratorios-nacionales-del-cnpem\/\">[LEER EN LENGUA ESPA\u00d1OLA]<\/a><\/p>\n<p style=\"text-align: justify\">O Centro Nacional de Pesquisa em Energia e Materiais &#8211; (<a href=\"http:\/\/www.cnpem.br\" target=\"_blank\" rel=\"noopener noreferrer\">CNPEM)<\/a>&nbsp;\u00e9 composto por quatro Laborat\u00f3rios Nacionais. S\u00e3o eles: <strong>a)<\/strong> Laborat\u00f3rio Nacional de Luz Sincrotron (<a href=\"http:\/\/lnls.cnpem.br\" target=\"_blank\" rel=\"noopener noreferrer\">LNLS<\/a>); <strong>b)<\/strong> Laborat\u00f3rio Nacional de Bioci\u00eancias (<a href=\"http:\/\/lnbio.cnpem.br\" target=\"_blank\" rel=\"noopener noreferrer\">LNBio<\/a>); <strong>c) <\/strong>Laborat\u00f3rio Nacional de Biorrenov\u00e1veis (<a href=\"http:\/\/www.lnbr.cnpem.br\" target=\"_blank\" rel=\"noopener noreferrer\">LNBR<\/a>) (nova designa\u00e7\u00e3o do Laborat\u00f3rio Nacional Ci\u00eancia e Tecnologia do Bioetanol;<strong> d) <\/strong>Laborat\u00f3rio Nacional de Nanotecnologia (<a href=\"http:\/\/lnnano.cnpem.br\" target=\"_blank\" rel=\"noopener noreferrer\">LNNano<\/a>). Juridicamente, o CNPEM \u00e9 uma institui\u00e7\u00e3o de Direito Privado, qualificada como Organiza\u00e7\u00e3o Social, que atua para cumprir metas fixadas em Contrato de Gest\u00e3o com o Minist\u00e9rio da Ci\u00eancia, Tecnologia, Inova\u00e7\u00f5es e Comunica\u00e7\u00f5es (<a href=\"http:\/\/www.mctic.gov.br\/portal\" target=\"_blank\" rel=\"noopener noreferrer\">MCTIC<\/a>).<\/p>\n<p style=\"text-align: justify\">Nos Laborat\u00f3rios Nacionais, cientistas e tecn\u00f3logos do Brasil e do Exterior podem realizar pesquisas com uso de uma inigual\u00e1vel infraestrutura e interagir com as equipes cient\u00edficas do quadro pr\u00f3prio do CNPEM, respons\u00e1veis por pesquisas nas linhas program\u00e1ticas de cada Laborat\u00f3rio. O <em>campus<\/em> do CNPEM, localizado no Polo Tecnol\u00f3gico de Campinas, S\u00e3o Paulo, \u00e9 um local de intensa atividade multi e interdisciplinar, cujo foco \u00e9 fazer avan\u00e7ar a Ci\u00eancia, a Tecnologia e a Inova\u00e7\u00e3o em n\u00edveis da fronteira do conhecimento.<\/p>\n<p style=\"text-align: justify\">Os Laborat\u00f3rios do CNPEM s\u00e3o NACIONAIS porque cumprem a miss\u00e3o de colocar ao alcance de pesquisadores in\u00fameros equipamentos n\u00e3o dispon\u00edveis em outros locais, utiliz\u00e1veis&nbsp; por grupos oriundos de universidades, centros de pesquisa e empresas, mediante crit\u00e9rios p\u00fablicos, informados nas p\u00e1ginas web. Os Laborat\u00f3rios tamb\u00e9m contam com a a\u00e7\u00e3o de equipes pr\u00f3prias, \u00e0s quais realizam intensa atividade de pesquisa cient\u00edfica e tecnol\u00f3gica de interesse para o desenvolvimento do Pa\u00eds. Os cientistas do quadro pr\u00f3prio \u00e9 que definem e orientam os projetos aplicados aos estudantes que participam do <strong>Programa Bolsas de Ver\u00e3o do CNPEM<\/strong>.<\/p>\n<p style=\"text-align: justify\">O <a href=\"http:\/\/www.lnls.cnpem.br\" target=\"_blank\" rel=\"noopener noreferrer\">LNLS<\/a> \u00e9 o mais antigo dos quatro Laborat\u00f3rios que integram o CNPEM. Sua origem remonta a 1982 e a efetiva implanta\u00e7\u00e3o do LNLS ocorreu de 1986 a 1997, quando colocou em opera\u00e7\u00e3o a primeira Fonte de Luz Sincrotron do Hemisf\u00e9rio Sul &#8211; equipamento at\u00e9 ent\u00e3o somente dispon\u00edvel em pa\u00edses considerados desenvolvidos. Nas Linhas de Luz (conjunto de equipamentos cient\u00edficos) acopladas ao Anel de Armazenamento de El\u00e9trons (a parte mais vistosa da Fonte de Luz), pesquisadores realizam experimentos com aplica\u00e7\u00e3o de Raios-X e Ultravioleta (duas faixas do espectro eletromagn\u00e9tico) que, em resumo, objetivam desvendar propriedades de materiais org\u00e2nicos e inorg\u00e2nicos. A opera\u00e7\u00e3o da Fonte de Luz S\u00edncrotron &#8211; tecnicamente denominada UVX &#8211; foi encerrada em julho de 2019. O LNLS est\u00e1 se preparando para abrir a nova Fonte de Luz Sincrotron &#8211; denominada <a href=\"https:\/\/www.lnls.cnpem.br\/sirius\/\" target=\"_blank\" rel=\"noopener noreferrer\">SIRIUS<\/a> &#8211; para atender novas exig\u00eancias da comunidade de pesquisadores-usu\u00e1rios e manter o Brasil sintonizado com o estado-da-arte nesse campo de atividade cient\u00edfica e tecnol\u00f3gica.<\/p>\n<p style=\"text-align: justify\">No&nbsp;<a href=\"http:\/\/www.lnbio.cnpem.br\" target=\"_blank\" rel=\"noopener noreferrer\">LNBio<\/a> concentram-se equipamentos que propiciam a pesquisadores-usu\u00e1rios externos e ao corpo t\u00e9cnico-cient\u00edfico pr\u00f3prio desenvolver estudos multidisciplinares em \u00e1reas de Biologia Estrutural, Prote\u00f4mica, Gen\u00f4mica, Metabol\u00f4mica, Bioensaios, Desenvolvimento de Organismos Geneticamente Modificados, dentre outras. Os Programas Tem\u00e1ticos pr\u00f3prios do LNBio, conduzidos pela equipe interna, s\u00e3o os seguintes: <strong>1)<\/strong> <strong>Mecanismos Moleculares do Desenvolvimento de Doen\u00e7as<\/strong>, no qual o foco s\u00e3o os estudos do papel de macromol\u00e9culas nos processos metab\u00f3licos relacionados a doen\u00e7as cardiovasculares, doen\u00e7as metab\u00f3licas e c\u00e2ncer; identifica\u00e7\u00e3o de alvos moleculares; investiga\u00e7\u00e3o do desenvolvimento gen\u00e9tico e evolu\u00e7\u00e3o de caracteres associados. <strong>2) Biologia de Pat\u00f3genos<\/strong>, que abrangem a elucida\u00e7\u00e3o de mecanismos moleculares envolvidos na patogenicidade e virul\u00eancia de pat\u00f3genos da plantas e humanos; desenvolvimento de estrat\u00e9gias para inibi\u00e7\u00e3o de bact\u00e9rias e parasitas; produ\u00e7\u00e3o de plantas transg\u00eanicas mais resistentes a pat\u00f3genos microbianos; estudos de doen\u00e7as dos citros, doen\u00e7as negligenciadas, resist\u00eancia bacteriana e tuberculose. <strong>3) Desenvolvimento de F\u00e1rmacos e Biomarcadores<\/strong>, cujos alvos s\u00e3o a descoberta e desenvolvimento de f\u00e1rmacos at\u00e9 a fase pr\u00e9-cl\u00ednica; pequenas mol\u00e9culas sint\u00e9ticas e naturais; medicamentos biol\u00f3gicos &#8211; em especial anticorpos monoclonais; fitoter\u00e1picos. <strong>4) Engenharia Biol\u00f3gica e Biocat\u00e1lise<\/strong>, que incluem o desenvolvimento e descoberta de enzimas customizadas para processos biotecnol\u00f3gicos; desenho racional de mol\u00e9culas para otimiza\u00e7\u00e3o de termoestabilidade (termoenzimas); redesenho funcional por fus\u00f5es quim\u00e9ricas e mutag\u00eanese (Logozymes); engenharia metab\u00f3lica de microorganismos para produ\u00e7\u00e3o de biocombust\u00edveis e produtos qu\u00edmicos; biorotas para s\u00edntese de drogas e precursores qu\u00edmicos. <strong>5) Bioinform\u00e1tica<\/strong>, que incluem o desenvolvimento e aplica\u00e7\u00e3o de t\u00e9cnicas de bioinform\u00e1tica para resolver problemas biol\u00f3gicos; an\u00e1lise de estruturas moleculares; estudo de intera\u00e7\u00f5es moleculares em modelos biol\u00f3gicos; an\u00e1lises de dados gerados por estudos gen\u00f4micos, transcript\u00f4micos, prote\u00f4micos e metabol\u00f4micos.<\/p>\n<p>No Laborat\u00f3rio Nacional de Biorrenov\u00e1veis (<a href=\"http:\/\/www.lnbr.cnpem.br\" target=\"_blank\" rel=\"noopener noreferrer\">LNBR<\/a>) as pesquisas t\u00eam como foco a biomassa e a biodiversidade brasileiras para resolver desafios relevantes por meio de solu\u00e7\u00f5es biotecnol\u00f3gicas que promovam o desenvolvimento sustent\u00e1vel de biocombust\u00edveis avan\u00e7ados, bioqu\u00edmicos e biomateriais. De modo id\u00eantico aos demais Laborat\u00f3rios Nacionais, o LNBR tamb\u00e9m disponibiliza a pesquisadores-usu\u00e1rios externos instrumenta\u00e7\u00e3o e suporte cient\u00edfico e t\u00e9cnico para a realiza\u00e7\u00e3o de estudos em \u00e1reas de produ\u00e7\u00e3o, caracteriza\u00e7\u00e3o e processamento de biomassas e derivados, biologia funcional, biotecnologia e biof\u00edsica. No LNBR est\u00e1 instalada uma Planta-Piloto para Desenvolvimento de Processos (PPDP). Trata-se de um ambiente laboratorial \u00fanico no Brasil, destinado a estudos e desenvolvimento de processos de convers\u00e3o de biomassa em etanol celul\u00f3sico, em escala semi-industrial, e outros produtos ligados \u00e0 bioeconomia.<\/p>\n<p style=\"text-align: justify\">No <a href=\"http:\/\/www.lnnano.cnpem.br\" target=\"_blank\" rel=\"noopener noreferrer\">LNNano<\/a> o foco das atividades \u00e9 a ci\u00eancia, engenharia e tecnologia voltadas para o entendimento e manipula\u00e7\u00e3o de materiais em escala manom\u00e9trica, e para o desenvolvimento de novas mat\u00e9rias-primas indispens\u00e1veis a in\u00fameras aplica\u00e7\u00f5es e substitutivas de mat\u00e9rias-primas convencionais. No LNNano, cientistas do Brasil e do Exterior podem utilizar um conjunto de microsc\u00f3pios eletr\u00f4nicos e de sondas, al\u00e9m de diversas ferramentas espectrosc\u00f3picas, nos moldes usuais em todos os demais Laborat\u00f3rios Nacionais do CNPEM &#8211; divulgados nas p\u00e1ginas web. As pesquisas no \u00e2mbito do LNNano est\u00e3o focadas em: <strong>S\u00edntese <\/strong>\u2013 voltada \u00e0 associa\u00e7\u00e3o de materiais distintos para transformar ou melhorar suas propriedades f\u00edsico-qu\u00edmicas; <strong>Caracteriza\u00e7\u00e3o \u2013 <\/strong>engajada na compreens\u00e3o das propriedades de superf\u00edcies estruturais, f\u00edsicas e qu\u00edmicas dos materiais; <strong>Dispositivos \u2013 <\/strong>dedicada ao desenvolvimento de componentes e sistemas funcionais baseados em materiais nanoestruturados para aplica\u00e7\u00f5es, por exemplo, em energia e sensores; e <strong>Nanomedicina e Nanotoxicologia \u2013 <\/strong>para o desenvolvimento de medicamentos inovadores em medicina personalizada e plataformas de diagn\u00f3stico cl\u00ednico, e estudos sobre os efeitos dos nanomateriais nos organismos vivos e no meio ambiente.<\/p>\n<p>[X]<\/p>\n<p style=\"text-align: justify\">\n","protected":false},"excerpt":{"rendered":"<p>[LEER EN LENGUA ESPA\u00d1OLA] O Centro Nacional de Pesquisa em Energia e Materiais &#8211; (CNPEM)&nbsp;\u00e9 composto por quatro Laborat\u00f3rios Nacionais. S\u00e3o eles: a) Laborat\u00f3rio Nacional de Luz Sincrotron (LNLS); b) Laborat\u00f3rio Nacional de Bioci\u00eancias (LNBio); c) Laborat\u00f3rio Nacional de Biorrenov\u00e1veis (LNBR) (nova designa\u00e7\u00e3o do Laborat\u00f3rio Nacional Ci\u00eancia e Tecnologia do Bioetanol; d) Laborat\u00f3rio Nacional de&hellip;<\/p>\n","protected":false},"author":10,"featured_media":0,"parent":0,"menu_order":0,"comment_status":"closed","ping_status":"open","template":"","meta":{"_acf_changed":false,"footnotes":""},"class_list":["post-1175","page","type-page","status-publish","hentry","description-off"],"acf":[],"_links":{"self":[{"href":"https:\/\/pages.cnpem.br\/bolsasdeverao\/wp-json\/wp\/v2\/pages\/1175","targetHints":{"allow":["GET"]}}],"collection":[{"href":"https:\/\/pages.cnpem.br\/bolsasdeverao\/wp-json\/wp\/v2\/pages"}],"about":[{"href":"https:\/\/pages.cnpem.br\/bolsasdeverao\/wp-json\/wp\/v2\/types\/page"}],"author":[{"embeddable":true,"href":"https:\/\/pages.cnpem.br\/bolsasdeverao\/wp-json\/wp\/v2\/users\/10"}],"replies":[{"embeddable":true,"href":"https:\/\/pages.cnpem.br\/bolsasdeverao\/wp-json\/wp\/v2\/comments?post=1175"}],"version-history":[{"count":0,"href":"https:\/\/pages.cnpem.br\/bolsasdeverao\/wp-json\/wp\/v2\/pages\/1175\/revisions"}],"wp:attachment":[{"href":"https:\/\/pages.cnpem.br\/bolsasdeverao\/wp-json\/wp\/v2\/media?parent=1175"}],"curies":[{"name":"wp","href":"https:\/\/api.w.org\/{rel}","templated":true}]}}