{"id":2227,"date":"2025-10-02T08:39:07","date_gmt":"2025-10-02T11:39:07","guid":{"rendered":"https:\/\/pages.cnpem.br\/bolsasdeverao\/?page_id=2227"},"modified":"2025-10-08T11:00:17","modified_gmt":"2025-10-08T14:00:17","slug":"aprovados-pbv-33","status":"publish","type":"page","link":"https:\/\/pages.cnpem.br\/bolsasdeverao\/aprovados-pbv-33\/","title":{"rendered":"Aprovados PBV 33"},"content":{"rendered":"<div class=\"wpb-content-wrapper\"><p>[vc_row el_id=&#8221;beneficiosobrigacoes&#8221;][vc_column][vc_custom_heading text=&#8221;Lista de estudantes aprovados no 33\u00ba Programa Bolsas de Ver\u00e3o&#8221; font_container=&#8221;tag:h2|text_align:left|color:%23f05a7d&#8221; use_theme_fonts=&#8221;yes&#8221; css_animation=&#8221;slideInLeft&#8221; css=&#8221;&#8221;][\/vc_column][\/vc_row][vc_row full_width=&#8221;stretch_row&#8221;][vc_column][vc_empty_space][vc_column_text css=&#8221;&#8221;]<\/p>\n<table style=\"width: 80.2082%\" width=\"1023\">\n<tbody>\n<tr>\n<td style=\"width: 525px\" width=\"385\"><strong>Nome Completo<\/strong><\/td>\n<td style=\"width: 209px\" width=\"151\"><strong>Pa\u00eds\u00a0<\/strong><\/td>\n<td style=\"width: 279px\" width=\"203\"><strong>Estado\u00a0<\/strong><\/td>\n<\/tr>\n<tr>\n<td style=\"width: 525px\">Alissa Costa<\/td>\n<td style=\"width: 209px\">Brasil<\/td>\n<td style=\"width: 279px\">PA<\/td>\n<\/tr>\n<tr>\n<td style=\"width: 525px\">Andrey Kaylan Le\u00e3o Maciel da Silva<\/td>\n<td style=\"width: 209px\">Brasil<\/td>\n<td style=\"width: 279px\">PA<\/td>\n<\/tr>\n<tr>\n<td style=\"width: 525px\">Ayle Lua Reis de Oliveira<\/td>\n<td style=\"width: 209px\">Brasil<\/td>\n<td style=\"width: 279px\">MG<\/td>\n<\/tr>\n<tr>\n<td style=\"width: 525px\">Camila Sim\u00e3o da Silva<\/td>\n<td style=\"width: 209px\">Brasil<\/td>\n<td style=\"width: 279px\">BA<\/td>\n<\/tr>\n<tr>\n<td style=\"width: 525px\">Clayanela Janet Zambrano Caicedo<\/td>\n<td style=\"width: 209px\">Equador<\/td>\n<td style=\"width: 279px\"><\/td>\n<\/tr>\n<tr>\n<td style=\"width: 525px\">Davi Matos dos Santos<\/td>\n<td style=\"width: 209px\">Brasil<\/td>\n<td style=\"width: 279px\">SP<\/td>\n<\/tr>\n<tr>\n<td style=\"width: 525px\">D\u00e9borah Sodr\u00e9<\/td>\n<td style=\"width: 209px\">Brasil<\/td>\n<td style=\"width: 279px\">MA<\/td>\n<\/tr>\n<tr>\n<td style=\"width: 525px\" width=\"385\">Eduardo Andr\u00e9s Sep\u00falveda Rivera<\/td>\n<td style=\"width: 209px\">Chile<\/td>\n<td style=\"width: 279px\"><\/td>\n<\/tr>\n<tr>\n<td style=\"width: 525px\">Giovanna Melo Bruzzi Corr\u00eaa<\/td>\n<td style=\"width: 209px\">Brasil<\/td>\n<td style=\"width: 279px\">MG<\/td>\n<\/tr>\n<tr>\n<td style=\"width: 525px\">Giovanna Santos de Lima<\/td>\n<td style=\"width: 209px\">Brasil<\/td>\n<td style=\"width: 279px\">PE<\/td>\n<\/tr>\n<tr>\n<td style=\"width: 525px\">Giulia Silvares<\/td>\n<td style=\"width: 209px\">Brasil<\/td>\n<td style=\"width: 279px\">RJ<\/td>\n<\/tr>\n<tr>\n<td style=\"width: 525px\">Heloisa Fernanda Kuchenbecker<\/td>\n<td style=\"width: 209px\">Brasil<\/td>\n<td style=\"width: 279px\">PR<\/td>\n<\/tr>\n<tr>\n<td style=\"width: 525px\">Isabela Pereira Cavalcante<\/td>\n<td style=\"width: 209px\">Brasil<\/td>\n<td style=\"width: 279px\">DF<\/td>\n<\/tr>\n<tr>\n<td style=\"width: 525px\">Joana Perrout de Andrade<\/td>\n<td style=\"width: 209px\">Brasil<\/td>\n<td style=\"width: 279px\">MG<\/td>\n<\/tr>\n<tr>\n<td style=\"width: 525px\">J\u00falia Machado Barradas<\/td>\n<td style=\"width: 209px\">Brasil<\/td>\n<td style=\"width: 279px\">RS<\/td>\n<\/tr>\n<tr>\n<td style=\"width: 525px\">Leonardo Menezes de Souza Machado<\/td>\n<td style=\"width: 209px\">Brasil<\/td>\n<td style=\"width: 279px\">AL<\/td>\n<\/tr>\n<tr>\n<td style=\"width: 525px\">Luana Rocha Jorge<\/td>\n<td style=\"width: 209px\">Brasil<\/td>\n<td style=\"width: 279px\">PR<\/td>\n<\/tr>\n<tr>\n<td style=\"width: 525px\">Manuel Josue Mall Campoverde<\/td>\n<td style=\"width: 209px\">Equador<\/td>\n<td style=\"width: 279px\"><\/td>\n<\/tr>\n<tr>\n<td style=\"width: 525px\" width=\"385\">Marcela Naomi Okabayashi da Silva<\/td>\n<td style=\"width: 209px\">Brasil<\/td>\n<td style=\"width: 279px\">PR<\/td>\n<\/tr>\n<tr>\n<td style=\"width: 525px\">Marcelo Fernandes Linhares<\/td>\n<td style=\"width: 209px\">Brasil<\/td>\n<td style=\"width: 279px\">CE<\/td>\n<\/tr>\n<tr>\n<td style=\"width: 525px\">Mar\u00eda Alejandra Munar Ca\u00f1\u00f3n<\/td>\n<td style=\"width: 209px\">Col\u00f4mbia<\/td>\n<td style=\"width: 279px\"><\/td>\n<\/tr>\n<tr>\n<td style=\"width: 525px\">Maria Eduarda de Carvalho<\/td>\n<td style=\"width: 209px\">Brasil<\/td>\n<td style=\"width: 279px\">PI<\/td>\n<\/tr>\n<tr>\n<td style=\"width: 525px\">Maria Eduarda Gomes Pires<\/td>\n<td style=\"width: 209px\">BR<\/td>\n<td style=\"width: 279px\">AL<\/td>\n<\/tr>\n<tr>\n<td style=\"width: 525px\">Maria Valvassori<\/td>\n<td style=\"width: 209px\">Brasil<\/td>\n<td style=\"width: 279px\">SC<\/td>\n<\/tr>\n<tr>\n<td style=\"width: 525px\">Matheus Venturini Lima<\/td>\n<td style=\"width: 209px\">Brasil<\/td>\n<td style=\"width: 279px\">BA<\/td>\n<\/tr>\n<tr>\n<td style=\"width: 525px\">Pedro Vitor de Farias Silva<\/td>\n<td style=\"width: 209px\">Brasil<\/td>\n<td style=\"width: 279px\">CE<\/td>\n<\/tr>\n<tr>\n<td style=\"width: 525px\">Santiago Chaves Cordoba<\/td>\n<td style=\"width: 209px\">Col\u00f4mbia<\/td>\n<td style=\"width: 279px\"><\/td>\n<\/tr>\n<tr>\n<td style=\"width: 525px\">Thamirys Carollina Barbosa de Barros<\/td>\n<td style=\"width: 209px\">Brasil<\/td>\n<td style=\"width: 279px\">RN<\/td>\n<\/tr>\n<\/tbody>\n<\/table>\n<p>[\/vc_column_text][\/vc_column][\/vc_row]<\/p>\n<\/div>","protected":false},"excerpt":{"rendered":"<p>[vc_row el_id=&#8221;beneficiosobrigacoes&#8221;][vc_column][vc_custom_heading text=&#8221;Lista de estudantes aprovados no 33\u00ba Programa Bolsas de Ver\u00e3o&#8221; font_container=&#8221;tag:h2|text_align:left|color:%23f05a7d&#8221; use_theme_fonts=&#8221;yes&#8221; css_animation=&#8221;slideInLeft&#8221; css=&#8221;&#8221;][\/vc_column][\/vc_row][vc_row full_width=&#8221;stretch_row&#8221;][vc_column][vc_empty_space][vc_column_text css=&#8221;&#8221;] Nome Completo Pa\u00eds\u00a0 Estado\u00a0 Alissa Costa Brasil PA Andrey Kaylan Le\u00e3o Maciel da Silva Brasil PA Ayle Lua Reis de Oliveira Brasil MG Camila Sim\u00e3o da Silva Brasil BA Clayanela Janet Zambrano Caicedo Equador Davi Matos dos&hellip;<\/p>\n","protected":false},"author":4714,"featured_media":0,"parent":0,"menu_order":0,"comment_status":"closed","ping_status":"open","template":"","meta":{"_acf_changed":false,"footnotes":""},"class_list":["post-2227","page","type-page","status-publish","hentry","description-off"],"acf":[],"_links":{"self":[{"href":"https:\/\/pages.cnpem.br\/bolsasdeverao\/wp-json\/wp\/v2\/pages\/2227","targetHints":{"allow":["GET"]}}],"collection":[{"href":"https:\/\/pages.cnpem.br\/bolsasdeverao\/wp-json\/wp\/v2\/pages"}],"about":[{"href":"https:\/\/pages.cnpem.br\/bolsasdeverao\/wp-json\/wp\/v2\/types\/page"}],"author":[{"embeddable":true,"href":"https:\/\/pages.cnpem.br\/bolsasdeverao\/wp-json\/wp\/v2\/users\/4714"}],"replies":[{"embeddable":true,"href":"https:\/\/pages.cnpem.br\/bolsasdeverao\/wp-json\/wp\/v2\/comments?post=2227"}],"version-history":[{"count":0,"href":"https:\/\/pages.cnpem.br\/bolsasdeverao\/wp-json\/wp\/v2\/pages\/2227\/revisions"}],"wp:attachment":[{"href":"https:\/\/pages.cnpem.br\/bolsasdeverao\/wp-json\/wp\/v2\/media?parent=2227"}],"curies":[{"name":"wp","href":"https:\/\/api.w.org\/{rel}","templated":true}]}}

<div class="wpb-content-wrapper"><p>[vc_row el_id=&#8221;beneficiosobrigacoes&#8221;][vc_column][vc_custom_heading text=&#8221;Lista de estudantes aprovados no 33º Programa Bolsas de Verão&#8221; font_container=&#8221;tag:h2|text_align:left|color:%23f05a7d&#8221; use_theme_fonts=&#8221;yes&#8221; css_animation=&#8221;slideInLeft&#8221; css=&#8221;&#8221;][/vc_column][/vc_row][vc_row full_width=&#8221;stretch_row&#8221;][vc_column][vc_empty_space][vc_column_text css=&#8221;&#8221;]</p>
<table style="width: 80.2082%" width="1023">
<tbody>
<tr>
<td style="width: 525px" width="385"><strong>Nome Completo</strong></td>
<td style="width: 209px" width="151"><strong>País </strong></td>
<td style="width: 279px" width="203"><strong>Estado </strong></td>
</tr>
<tr>
<td style="width: 525px">Alissa Costa</td>
<td style="width: 209px">Brasil</td>
<td style="width: 279px">PA</td>
</tr>
<tr>
<td style="width: 525px">Andrey Kaylan Leão Maciel da Silva</td>
<td style="width: 209px">Brasil</td>
<td style="width: 279px">PA</td>
</tr>
<tr>
<td style="width: 525px">Ayle Lua Reis de Oliveira</td>
<td style="width: 209px">Brasil</td>
<td style="width: 279px">MG</td>
</tr>
<tr>
<td style="width: 525px">Camila Simão da Silva</td>
<td style="width: 209px">Brasil</td>
<td style="width: 279px">BA</td>
</tr>
<tr>
<td style="width: 525px">Clayanela Janet Zambrano Caicedo</td>
<td style="width: 209px">Equador</td>
<td style="width: 279px"></td>
</tr>
<tr>
<td style="width: 525px">Davi Matos dos Santos</td>
<td style="width: 209px">Brasil</td>
<td style="width: 279px">SP</td>
</tr>
<tr>
<td style="width: 525px">Déborah Sodré</td>
<td style="width: 209px">Brasil</td>
<td style="width: 279px">MA</td>
</tr>
<tr>
<td style="width: 525px" width="385">Eduardo Andrés Sepúlveda Rivera</td>
<td style="width: 209px">Chile</td>
<td style="width: 279px"></td>
</tr>
<tr>
<td style="width: 525px">Giovanna Melo Bruzzi Corrêa</td>
<td style="width: 209px">Brasil</td>
<td style="width: 279px">MG</td>
</tr>
<tr>
<td style="width: 525px">Giovanna Santos de Lima</td>
<td style="width: 209px">Brasil</td>
<td style="width: 279px">PE</td>
</tr>
<tr>
<td style="width: 525px">Giulia Silvares</td>
<td style="width: 209px">Brasil</td>
<td style="width: 279px">RJ</td>
</tr>
<tr>
<td style="width: 525px">Heloisa Fernanda Kuchenbecker</td>
<td style="width: 209px">Brasil</td>
<td style="width: 279px">PR</td>
</tr>
<tr>
<td style="width: 525px">Isabela Pereira Cavalcante</td>
<td style="width: 209px">Brasil</td>
<td style="width: 279px">DF</td>
</tr>
<tr>
<td style="width: 525px">Joana Perrout de Andrade</td>
<td style="width: 209px">Brasil</td>
<td style="width: 279px">MG</td>
</tr>
<tr>
<td style="width: 525px">Júlia Machado Barradas</td>
<td style="width: 209px">Brasil</td>
<td style="width: 279px">RS</td>
</tr>
<tr>
<td style="width: 525px">Leonardo Menezes de Souza Machado</td>
<td style="width: 209px">Brasil</td>
<td style="width: 279px">AL</td>
</tr>
<tr>
<td style="width: 525px">Luana Rocha Jorge</td>
<td style="width: 209px">Brasil</td>
<td style="width: 279px">PR</td>
</tr>
<tr>
<td style="width: 525px">Manuel Josue Mall Campoverde</td>
<td style="width: 209px">Equador</td>
<td style="width: 279px"></td>
</tr>
<tr>
<td style="width: 525px" width="385">Marcela Naomi Okabayashi da Silva</td>
<td style="width: 209px">Brasil</td>
<td style="width: 279px">PR</td>
</tr>
<tr>
<td style="width: 525px">Marcelo Fernandes Linhares</td>
<td style="width: 209px">Brasil</td>
<td style="width: 279px">CE</td>
</tr>
<tr>
<td style="width: 525px">María Alejandra Munar Cañón</td>
<td style="width: 209px">Colômbia</td>
<td style="width: 279px"></td>
</tr>
<tr>
<td style="width: 525px">Maria Eduarda de Carvalho</td>
<td style="width: 209px">Brasil</td>
<td style="width: 279px">PI</td>
</tr>
<tr>
<td style="width: 525px">Maria Eduarda Gomes Pires</td>
<td style="width: 209px">BR</td>
<td style="width: 279px">AL</td>
</tr>
<tr>
<td style="width: 525px">Maria Valvassori</td>
<td style="width: 209px">Brasil</td>
<td style="width: 279px">SC</td>
</tr>
<tr>
<td style="width: 525px">Matheus Venturini Lima</td>
<td style="width: 209px">Brasil</td>
<td style="width: 279px">BA</td>
</tr>
<tr>
<td style="width: 525px">Pedro Vitor de Farias Silva</td>
<td style="width: 209px">Brasil</td>
<td style="width: 279px">CE</td>
</tr>
<tr>
<td style="width: 525px">Santiago Chaves Cordoba</td>
<td style="width: 209px">Colômbia</td>
<td style="width: 279px"></td>
</tr>
<tr>
<td style="width: 525px">Thamirys Carollina Barbosa de Barros</td>
<td style="width: 209px">Brasil</td>
<td style="width: 279px">RN</td>
</tr>
</tbody>
</table>
<p>[/vc_column_text][/vc_column][/vc_row]</p>
</div>

<p>[vc_row el_id=&#8221;beneficiosobrigacoes&#8221;][vc_column][vc_custom_heading text=&#8221;Lista de estudantes aprovados no 33º Programa Bolsas de Verão&#8221; font_container=&#8221;tag:h2|text_align:left|color:%23f05a7d&#8221; use_theme_fonts=&#8221;yes&#8221; css_animation=&#8221;slideInLeft&#8221; css=&#8221;&#8221;][/vc_column][/vc_row][vc_row full_width=&#8221;stretch_row&#8221;][vc_column][vc_empty_space][vc_column_text css=&#8221;&#8221;] Nome Completo País  Estado  Alissa Costa Brasil PA Andrey Kaylan Leão Maciel da Silva Brasil PA Ayle Lua Reis de Oliveira Brasil MG Camila Simão da Silva Brasil BA Clayanela Janet Zambrano Caicedo Equador Davi Matos dos&hellip;</p>
