{"id":29,"date":"2025-01-27T12:41:32","date_gmt":"2025-01-27T12:41:32","guid":{"rendered":"https:\/\/pages.cnpem.br\/cbsf\/?page_id=29"},"modified":"2025-06-10T12:58:03","modified_gmt":"2025-06-10T12:58:03","slug":"comite","status":"publish","type":"page","link":"https:\/\/pages.cnpem.br\/cbsf\/comite\/","title":{"rendered":"Comit\u00ea"},"content":{"rendered":"<div class=\"wpb-content-wrapper\"><p>[vc_row][vc_column][vc_column_text css=&#8221;&#8221;]<strong>Comit\u00ea cient\u00edfico<\/strong><\/p>\n<p>Barnabas Bede, DigiPen Institute of Technology &#8211; Estados Unidos da Am\u00e9rica<\/p>\n<p>Daniel Eduardo Sanchez Ibanez, Universidad Austral de Chile &#8211; Chile<\/p>\n<p>Fernando Antonio Campos Gomide, Universidade Estadual de Campinas.<\/p>\n<p>Francielle Santo Pedro Sim\u00f5es, Universidade Federal de S\u00e3o Paulo<\/p>\n<p>Ginalber Luiz de Oliveira Serra, Universidade Federal do Maranh\u00e3o<\/p>\n<p>Graciele Paraguaia Silveira, Universidade Federal de S\u00e3o Carlos.<\/p>\n<p>Isaac Dayan Bastos da Silva, Universidade Federal do Acre.<\/p>\n<p>Jo\u00e3o de Deus Mendes da Silva, Universidade Federal do Maranh\u00e3o<\/p>\n<p>La\u00e9cio Carvalho de Barros, Universidade Estadual de Campinas.<\/p>\n<p>Lisbeth Corbacho Carazas, Kitera &#8211; Big Data Analytics.<\/p>\n<p>Lucelina Batista dos Santos, Universidade Federal do Paran\u00e1.<\/p>\n<p>Marcos Eduardo Ribeiro do Valle Mesquita, Universidade Estadual de Campinas.<\/p>\n<p>Marina Tuyako Mizukoshi, Universidade Federal de Goi\u00e1s.<\/p>\n<p>Marko Rojas Medar, Universidad de Tarapaca &#8211; Chile<\/p>\n<p>Michael Macedo Diniz, Universidade Estadual de Campinas.<\/p>\n<p>Michele Martins Lopes, Universidade Estadual de Campinas.<\/p>\n<p>Mina Shahidi, Universidade Estadual de Campinas.<\/p>\n<p>Moiseis dos Santos Cecconello, Universidade Federal de Mato Grosso.<\/p>\n<p>Peter Sussner, Universidade Estadual de Campinas.<\/p>\n<p>Regivan Hugo Nunes Santiago, Universidade Federal do Rio Grande do Norte.<\/p>\n<p>Renata Zotin Gomes de Oliveira, Universidade Estadual Paulista.<\/p>\n<p>Ricardo Coelho Silva, Universidade Federal do Cear\u00e1.<\/p>\n<p>Rodney Carlos Bassanezi, Universidade Estadual de Campinas.<\/p>\n<p>S\u00edlvia Dias de Souza, Universidade Federal do Amazonas.<\/p>\n<p>Silvio Salgado, Universidade Federal de Alfenas.<\/p>\n<p>Vin\u00edcius Francisco Wasques, Centro Nacional de Pesquisa em Energia e Materiais.<\/p>\n<p>Vladik Kreinovich, University of Texas &#8211; Estados Unidos<\/p>\n<p>Weldon Alexander Lodwick, University of Colorado &#8211; Estados Unidos<\/p>\n<p>&nbsp;<\/p>\n<p><strong>Comit\u00ea organizador local<\/strong><\/p>\n<p>Vin\u00edcius Francisco Wasques \u2013 Ilum\/CNPEM<\/p>\n<p>Nilmara de Jesus Biscaia Pinto \u2013 Unicamp, Limeira<\/p>\n<p>Estev\u00e3o Esmi Laureano \u2013 Unicamp, Campinas<\/p>\n<p>Isabela Grandini \u2013 Ilum\/CNPEM[\/vc_column_text][\/vc_column][\/vc_row]<\/p>\n<\/div>","protected":false},"excerpt":{"rendered":"<p>[vc_row][vc_column][vc_column_text css=&#8221;&#8221;]Comit\u00ea cient\u00edfico Barnabas Bede, DigiPen Institute of Technology &#8211; Estados Unidos da Am\u00e9rica Daniel Eduardo Sanchez Ibanez, Universidad Austral de Chile &#8211; Chile Fernando Antonio Campos Gomide, Universidade Estadual de Campinas. Francielle Santo Pedro Sim\u00f5es, Universidade Federal de S\u00e3o Paulo Ginalber Luiz de Oliveira Serra, Universidade Federal do Maranh\u00e3o Graciele Paraguaia Silveira, Universidade Federal&hellip;<\/p>\n","protected":false},"author":3407,"featured_media":0,"parent":0,"menu_order":0,"comment_status":"closed","ping_status":"closed","template":"","meta":{"footnotes":""},"class_list":["post-29","page","type-page","status-publish","hentry","description-off"],"_links":{"self":[{"href":"https:\/\/pages.cnpem.br\/cbsf\/wp-json\/wp\/v2\/pages\/29","targetHints":{"allow":["GET"]}}],"collection":[{"href":"https:\/\/pages.cnpem.br\/cbsf\/wp-json\/wp\/v2\/pages"}],"about":[{"href":"https:\/\/pages.cnpem.br\/cbsf\/wp-json\/wp\/v2\/types\/page"}],"author":[{"embeddable":true,"href":"https:\/\/pages.cnpem.br\/cbsf\/wp-json\/wp\/v2\/users\/3407"}],"replies":[{"embeddable":true,"href":"https:\/\/pages.cnpem.br\/cbsf\/wp-json\/wp\/v2\/comments?post=29"}],"version-history":[{"count":0,"href":"https:\/\/pages.cnpem.br\/cbsf\/wp-json\/wp\/v2\/pages\/29\/revisions"}],"wp:attachment":[{"href":"https:\/\/pages.cnpem.br\/cbsf\/wp-json\/wp\/v2\/media?parent=29"}],"curies":[{"name":"wp","href":"https:\/\/api.w.org\/{rel}","templated":true}]}}