{"id":27,"date":"2022-08-19T12:45:23","date_gmt":"2022-08-19T12:45:23","guid":{"rendered":"https:\/\/pages.cnpem.br\/novocec\/?page_id=27"},"modified":"2024-09-27T14:41:41","modified_gmt":"2024-09-27T17:41:41","slug":"cec2019","status":"publish","type":"page","link":"https:\/\/pages.cnpem.br\/cec\/cec2019\/","title":{"rendered":"II CEC &#8211; Congresso de Estudantes do CNPEM 2019"},"content":{"rendered":"<div class=\"wpb-content-wrapper\"><p>[vc_row][vc_column][vc_custom_heading text=&#8221;CEC 2019&#8243; font_container=&#8221;tag:h4|text_align:left&#8221; google_fonts=&#8221;font_family:Montserrat%3Aregular%2C700|font_style:700%20bold%20regular%3A700%3Anormal&#8221; css=&#8221;&#8221;][vc_column_text]<\/p>\n<p style=\"text-align: justify\">A segunda edi\u00e7\u00e3o do Congresso de Estudantes do CNPEM (CEC), realizado entre os dias 26 e 28 de novembro de 2019, foi concebido para ser o grande evento t\u00e9cnico-cient\u00edfico do Centro Nacional de Pesquisa em Energia e Materiais (CNPEM), dando visibilidade aos trabalhos desenvolvidos pelos estudantes dos quatro Laborat\u00f3rios Nacionais e pela administra\u00e7\u00e3o central, de modo a fomentar a integra\u00e7\u00e3o e colabora\u00e7\u00e3o no Centro. O evento distingue-se pela forte intera\u00e7\u00e3o entre os participantes e por seu car\u00e1ter multidisciplinar, garantidos pelo seu formato que privilegia grandes sess\u00f5es de p\u00f4steres e apresenta\u00e7\u00f5es orais plen\u00e1rias para um audit\u00f3rio de 350 lugares que ser\u00e1 montado no SIRIUS. Al\u00e9m dos estudantes (estagi\u00e1rios, ICs e p\u00f3s-graduandos) e seus orientadores, o evento \u00e9 aberto a todos os colaboradores do Centro (pesquisadores, diretores, gestores, t\u00e9cnicos), devendo superar os 400 participantes em 3 dias de evento.<\/p>\n<p style=\"text-align: justify\"><a href=\"https:\/\/cnpem.br\/cec-2019\/\" target=\"_blank\" rel=\"noopener\">Acesse a not\u00edcia publicada sobre o II CEC no site do CNPEM!<\/a><br \/>\nFa\u00e7a o download do <a href=\"https:\/\/pages.cnpem.br\/novocec\/wp-content\/uploads\/sites\/151\/2022\/08\/Abstracts-CEC-2019_FIM.pdf\" target=\"_blank\" rel=\"noopener\"><strong>Abstract Book aqui<\/strong><\/a>!<\/p>\n<p>[\/vc_column_text][\/vc_column][\/vc_row][vc_row][vc_column][vc_custom_heading text=&#8221;Programa\u00e7\u00e3o CEC 2019&#8243; font_container=&#8221;tag:h5|text_align:left&#8221; google_fonts=&#8221;font_family:Montserrat%3Aregular%2C700|font_style:700%20bold%20regular%3A700%3Anormal&#8221; css=&#8221;&#8221;][vc_toggle title=&#8221;26\/11\/2019&#8243;]<\/p>\n<table width=\"1100\">\n<tbody>\n<tr>\n<td width=\"116\"><strong>08h30 \u00e0s 09h00<\/strong><\/td>\n<td width=\"320\">Ant\u00f4nio Jos\u00e9 Roque da Silva (Diretor Geral)<br \/>\nM\u00e1rcio Medeiros Soares (LNLS)<\/td>\n<td width=\"664\"><strong>Abertura CEC<\/strong><\/td>\n<\/tr>\n<tr>\n<td><strong>09h00 \u00e0s 9h40<\/strong><\/td>\n<td width=\"320\">Harry Westfahl (LNLS)<\/td>\n<td width=\"664\"><strong>Plen\u00e1ria:\u00a0<\/strong>O SIRIUS e as oportunidades abertas para o CNPEM<\/td>\n<\/tr>\n<tr>\n<td><strong>9h40 \u00e0s 10h00<\/strong><\/td>\n<td width=\"320\">Carla de Sant Anna Freitas<\/td>\n<td width=\"664\"><strong>Apresenta\u00e7\u00e3o Oral:<\/strong>\u00a0Identifica\u00e7\u00e3o e uso de vol\u00e1teis bacterianos na inibi\u00e7\u00e3o de pat\u00f3genos de cana-de-a\u00e7\u00facar.<\/td>\n<\/tr>\n<tr>\n<td><strong>10:00 \u00e0s 10:20<\/strong><\/td>\n<td width=\"320\">Thiago Neitzel<\/td>\n<td width=\"664\"><strong>Apresenta\u00e7\u00e3o Oral:<\/strong>\u00a0<em>A multiomics approach to elucidate the spathaspora passalidarum molecular physiology in the melle-boinot process.<\/em><\/td>\n<\/tr>\n<tr>\n<td><strong>10h20 \u00e0s 10h40<\/strong><\/td>\n<td colspan=\"2\" width=\"984\"><strong>Clipping de P\u00f4steres<\/strong><\/td>\n<\/tr>\n<tr>\n<td><strong>10h40 \u00e0s 11h10<\/strong><\/td>\n<td colspan=\"2\" width=\"984\"><strong>Coffee Break<\/strong><\/td>\n<\/tr>\n<tr>\n<td><strong>11h10 \u00e0s 11h30<\/strong><\/td>\n<td width=\"320\">Carla Manuela Sganzerla Sabino<\/td>\n<td width=\"664\"><strong>Apresenta\u00e7\u00e3o Oral:<\/strong>\u00a0Biocarv\u00e3o-Nanotubos de Carbono: prepara\u00e7\u00e3o, caracteriza\u00e7\u00e3o e efeito sobre o desenvolvimento de tomate-cereja (Lycopersicon esculentum cv Micro-Tom).<\/td>\n<\/tr>\n<tr>\n<td><strong>11h30 \u00e0s 11h50<\/strong><\/td>\n<td width=\"320\">Guilherme Gomes Correia<\/td>\n<td width=\"664\"><strong>Apresenta\u00e7\u00e3o Oral:<\/strong>\u00a0An\u00e1lise de produtividade e efici\u00eancia do uso da \u00e1gua no cultivo de cana-de-a\u00e7\u00facar utilizando modelagem agroambiental e pegada h\u00eddrica.<\/td>\n<\/tr>\n<tr>\n<td><strong>11h50 \u00e0s 12h10<\/strong><\/td>\n<td width=\"320\">Raquel de Souza<\/td>\n<td width=\"664\"><strong>Apresenta\u00e7\u00e3o Oral:<\/strong>\u00a0<em>Sustainability Aspects of Hydrothermal Liquefaction: A Case Study for Brazil<\/em><\/td>\n<\/tr>\n<tr>\n<td><strong>12h10 \u00e0s 12h30<\/strong><\/td>\n<td colspan=\"2\" width=\"984\"><strong>Clipping de P\u00f4steres<\/strong><\/td>\n<\/tr>\n<tr>\n<td><strong>12h30 \u00e0s 12h40<\/strong><\/td>\n<td colspan=\"2\" width=\"984\"><strong>Foto Oficial<\/strong><\/td>\n<\/tr>\n<tr>\n<td><strong>12h40 \u00e0s 14h00<\/strong><\/td>\n<td colspan=\"2\" width=\"984\"><strong>Almo\u00e7o<\/strong><\/td>\n<\/tr>\n<tr>\n<td><strong>14h00 \u00e0s 14h20<\/strong><\/td>\n<td width=\"320\">Ohanna Maria Menezes Madeiro da Costa<\/td>\n<td width=\"664\"><strong>Apresenta\u00e7\u00e3o Oral:<\/strong>\u00a0Lipossomas Combinados com Nanopart\u00edculas de Convers\u00e3o Ascendente para Libera\u00e7\u00e3o de Antineopl\u00e1sico.<\/td>\n<\/tr>\n<tr>\n<td><strong>14h20 \u00e0s 14h40<\/strong><\/td>\n<td width=\"320\">Francine Coa<\/td>\n<td width=\"664\"><strong>Apresenta\u00e7\u00e3o Oral:<\/strong>\u00a0<em>Nanotoxicity of carbon-based nanomaterials in the C. elegans model: the influence of biocorona formation.<\/em><\/td>\n<\/tr>\n<tr>\n<td><strong>14h40 \u00e0s 15h00<\/strong><\/td>\n<td colspan=\"2\" width=\"984\"><strong>Clipping de P\u00f4steres<\/strong><\/td>\n<\/tr>\n<tr>\n<td><strong>15h00 \u00e0s 17h00<\/strong><\/td>\n<td colspan=\"2\" width=\"984\"><strong>Apresenta\u00e7\u00e3o de P\u00f4steres<\/strong><\/td>\n<\/tr>\n<\/tbody>\n<\/table>\n<p>[\/vc_toggle][vc_toggle title=&#8221;27\/11\/2019&#8243;]<\/p>\n<table width=\"1100\">\n<tbody>\n<tr>\n<td width=\"116\"><strong>08h30 \u00e0s 09h10<\/strong><\/td>\n<td width=\"320\">M\u00e1rio Murakami (LNBR)<\/td>\n<td width=\"664\"><strong>Plen\u00e1ria:\u00a0<\/strong>Biocatalysis applied to biomass deconstruction: a Central Problem for Biomass Conversion into Biorenewables<\/td>\n<\/tr>\n<tr>\n<td><strong>09h10 \u00e0s 09h30<\/strong><\/td>\n<td width=\"320\">Lucas Henrique Francisco<\/td>\n<td width=\"664\"><strong>Apresenta\u00e7\u00e3o Oral:<\/strong>\u00a0<em>Magnetism and superconductivity under extreme conditions by x-ray techniques.<\/em><\/td>\n<\/tr>\n<tr>\n<td><strong>09h30 \u00e0s 09h50<\/strong><\/td>\n<td width=\"320\">Ricardo Magno Lopes da Silva<\/td>\n<td width=\"664\"><strong>Apresenta\u00e7\u00e3o Oral:<\/strong>\u00a0<em>Incorporation of surface metal-organic frameworks (SURMOFs) thin films as active layer into nanomembrane-based capacitors.<\/em><\/td>\n<\/tr>\n<tr>\n<td><strong>09h50 \u00e0s 10h10<\/strong><\/td>\n<td width=\"320\">Let\u00edcia Mari\u00ea Minatogau Ferro<\/td>\n<td width=\"664\"><strong>Apresenta\u00e7\u00e3o Oral:<\/strong>\u00a0<em>Development of miniaturized electrochemical cells.<\/em><\/td>\n<\/tr>\n<tr>\n<td><strong>10h10 \u00e0s 10h30<\/strong><\/td>\n<td colspan=\"2\" width=\"984\"><strong>Clipping de P\u00f4steres<\/strong><\/td>\n<\/tr>\n<tr>\n<td><strong>10h30 \u00e0s 11h00<\/strong><\/td>\n<td colspan=\"2\" width=\"984\"><strong>Coffee Break<\/strong><\/td>\n<\/tr>\n<tr>\n<td><strong>11h00 \u00e0s 11h20<\/strong><\/td>\n<td width=\"320\">Diego Felix Dias<\/td>\n<td width=\"664\"><strong>Apresenta\u00e7\u00e3o Oral:<\/strong>\u00a0<em>The limit of application of the kinematical theory of X-ray diffraction and the structure resolution by dynamical theory.<\/em><\/td>\n<\/tr>\n<tr>\n<td><strong>11h20 \u00e0s 11h40<\/strong><\/td>\n<td width=\"320\">Lucas Yugo Tanio<\/td>\n<td width=\"664\"><strong>Apresenta\u00e7\u00e3o Oral:<\/strong>\u00a0Desenvolvimento de front-end anal\u00f3gico para medidas de corrente de baixa intensidade.<\/td>\n<\/tr>\n<tr>\n<td><strong>11h40 \u00e0s 12h00<\/strong><\/td>\n<td width=\"320\">Dionisio Pedro Amorim Neto<\/td>\n<td width=\"664\"><strong>Apresenta\u00e7\u00e3o Oral:<\/strong>Conectando o intestino e o c\u00e9rebro: investigando o papel do microbioma no surgimento e evolu\u00e7\u00e3o da doen\u00e7a de Parkinson Espor\u00e1dica.<\/td>\n<\/tr>\n<tr>\n<td><strong>12h00 \u00e0s 12h20<\/strong><\/td>\n<td width=\"320\">Beatriz Pelegrini Bosque<\/td>\n<td width=\"664\"><strong>Apresenta\u00e7\u00e3o Oral:<\/strong>\u00a0<em>Disease-related mutant DDX3X induces its intracellular aggregation and toxicity in neuroblastoma cell line.<\/em><\/td>\n<\/tr>\n<tr>\n<td><strong>12h20 \u00e0s 12h40<\/strong><\/td>\n<td colspan=\"2\" width=\"984\"><strong>Clipping de P\u00f4steres<\/strong><\/td>\n<\/tr>\n<tr>\n<td><strong>12h40 \u00e0s 14h00<\/strong><\/td>\n<td colspan=\"2\" width=\"984\"><strong>Almo\u00e7o<\/strong><\/td>\n<\/tr>\n<tr>\n<td><strong>14h00 \u00e0s 14h20<\/strong><\/td>\n<td width=\"320\">Rebeca Souza de Andrade<\/td>\n<td width=\"664\"><strong>Apresenta\u00e7\u00e3o Oral:<\/strong>\u00a0Aproveitamento de Subprodutos da Ind\u00fastria Sucroalcooleira para Produ\u00e7\u00e3o de Prote\u00edna Unicelular.<\/td>\n<\/tr>\n<tr>\n<td><strong>14h20 \u00e0s 14h40<\/strong><\/td>\n<td width=\"320\">Marina Alves Fontoura<\/td>\n<td width=\"664\"><strong>Apresenta\u00e7\u00e3o Oral:<\/strong>\u00a0<em>Usuv infection during pregnancy in mouse model and its consequences to conceptuses.<\/em><\/td>\n<\/tr>\n<tr>\n<td><strong>14h40 \u00e0s 15h00<\/strong><\/td>\n<td colspan=\"2\" width=\"984\"><strong>Clipping de P\u00f4steres<\/strong><\/td>\n<\/tr>\n<tr>\n<td><strong>15h00 \u00e0s 17h00<\/strong><\/td>\n<td colspan=\"2\" width=\"984\"><strong>Apresenta\u00e7\u00e3o de P\u00f4steres<\/strong><\/td>\n<\/tr>\n<\/tbody>\n<\/table>\n<p>[\/vc_toggle][vc_toggle title=&#8221;28\/11\/2019&#8243;]<\/p>\n<table width=\"1100\">\n<tbody>\n<tr>\n<td width=\"116\"><strong>09h00 \u00e0s 09h50\u00a0<\/strong><\/td>\n<td width=\"320\">Oswaldo Luiz Alves (IQ\/Unicamp)<\/td>\n<td width=\"664\"><strong>Plen\u00e1ria:\u00a0<\/strong>Ci\u00eancia, Tecnologia e Inova\u00e7\u00e3o: Reflex\u00f5es e Cases<\/td>\n<\/tr>\n<tr>\n<td><strong>09h50 \u00e0s 10h10\u00a0<\/strong><\/td>\n<td width=\"320\">Rafaella Pironato Amaro<\/td>\n<td width=\"664\"><strong>Apresenta\u00e7\u00e3o Oral:<\/strong>\u00a0<em>Identification of sugarcane straw availability through GIS tools.<\/em><\/td>\n<\/tr>\n<tr>\n<td><strong>10h10 \u00e0s 10h30\u00a0<\/strong><\/td>\n<td width=\"320\">Rebeca de Paiva Froes Rocha<\/td>\n<td width=\"664\"><strong>Apresenta\u00e7\u00e3o Oral:<\/strong><em>7 \u2013 DEAZA-2\u2019-C-methyladenosine (7DMA) treatment is protective against usutu virus infection.<\/em><\/td>\n<\/tr>\n<tr>\n<td><strong>10h30 \u00e0s 10h50\u00a0<\/strong><\/td>\n<td width=\"320\">Paulo Baraldi Mausbach<\/td>\n<td width=\"664\"><strong>Apresenta\u00e7\u00e3o Oral:<\/strong>\u00a0<em>Organiz3D e Orchestrat3D: Plataformas para organiza\u00e7\u00e3o de dados e integra\u00e7\u00e3o de aplica\u00e7\u00f5es \u00e0 clusters de HPC.<\/em><\/td>\n<\/tr>\n<tr>\n<td><strong>10h50 \u00e0s 11h10\u00a0<\/strong><\/td>\n<td width=\"320\">Denise Maria de Andrade<\/td>\n<td width=\"664\"><strong>Apresenta\u00e7\u00e3o Oral:<\/strong>\u00a0Microfabrica\u00e7\u00e3o e Caracteriza\u00e7\u00e3o de Transistores Org\u00e2nicos em Arquitetura Vertical com Eletrodo de Dreno Enrolado.<\/td>\n<\/tr>\n<tr>\n<td><strong>11h30 \u00e0s 12h00\u00a0<\/strong><\/td>\n<td colspan=\"2\" width=\"984\"><strong>Encerramento<\/strong><\/td>\n<\/tr>\n<tr>\n<td><strong>12h00 \u00e0s 13h00\u00a0<\/strong><\/td>\n<td colspan=\"2\" width=\"984\"><strong>Confraterniza\u00e7\u00e3o<\/strong><\/td>\n<\/tr>\n<\/tbody>\n<\/table>\n<p>[\/vc_toggle][\/vc_column][\/vc_row][vc_row][vc_column][vc_custom_heading text=&#8221;Composi\u00e7\u00e3o dos Comit\u00eas 2019&#8243; font_container=&#8221;tag:h5|text_align:left&#8221; google_fonts=&#8221;font_family:Montserrat%3Aregular%2C700|font_style:700%20bold%20regular%3A700%3Anormal&#8221; css=&#8221;&#8221;][vc_toggle title=&#8221;Comit\u00ea Organizador&#8221;]M\u00e1rcio Medeiros Soares (LNLS) \u2013 Coordenador<br \/>\nRafael Elias Marques Pereira SIlva (LNBio) \u2013 Vice-coordenador<br \/>\nCelso Eduardo Benedetti (LNBio)<br \/>\nElaine Matiazzo (RH)<br \/>\nErik Nardini Medina (LNBR)<br \/>\nRicardo Donizeth dos Reis (LNLS)<br \/>\nRubia Figueredo Gouveia (LNNano)<br \/>\nVera Lucia Reis de Gouveia (LNBR)[\/vc_toggle][vc_toggle title=&#8221;Comit\u00ea Cient\u00edfico&#8221;]Carlos Eduardo Driemeier (LNBR)<br \/>\nCelso Eduardo Benedetti (LNBio)<br \/>\nDaniela Coelho de Oliveira (LNLS)<br \/>\nJefferson Bettini (LNNano)<br \/>\nJuliana Velasco de Castro Oliveira (LNBR)<br \/>\nRafael Elias Marques Pereira SIlva (LNBio)<br \/>\nRicardo Donizeth dos Reis (LNLS)<br \/>\nRubia Figueredo Gouveia (LNNano)[\/vc_toggle][\/vc_column][\/vc_row][vc_row][vc_column][vc_custom_heading text=&#8221;Premiados em 2019&#8243; font_container=&#8221;tag:h5|text_align:left&#8221; google_fonts=&#8221;font_family:Montserrat%3Aregular%2C700|font_style:700%20bold%20regular%3A700%3Anormal&#8221; css=&#8221;&#8221;][vc_toggle title=&#8221;Gradua\u00e7\u00e3o&#8221;]<\/p>\n<ul>\n<li><strong>Beatriz Pelegrini Bosque<br \/>\n<\/strong><strong>T\u00edtulo:<\/strong>\u00a0Disease-related mutant DDX3X induces its intracellular aggregation and toxicity in neuroblastoma cell line<\/li>\n<li><strong>Jud\u00e1 Souza de Camargo Almeida Santos<br \/>\n<\/strong><strong>T\u00edtulo:<\/strong>\u00a0Desenvolvimento de instrumenta\u00e7\u00e3o para estudo de supercondutores \u00e0 base de H2 sob altas press\u00f5es<\/li>\n<li><strong>Karine Silva Alcantara<br \/>\n<\/strong><strong>T\u00edtulo:<\/strong>\u00a0Crescimento de filmes finos e heteroestruturas de La0.67Sr0.33MnO3, YBa2CuO7\u2212x e Bi2Sr2CaCu2O8-x<\/li>\n<\/ul>\n<p>[\/vc_toggle][vc_toggle title=&#8221;P\u00f3s-gradua\u00e7\u00e3o&#8221;]<\/p>\n<ul>\n<li><strong>Ana Carolina Paschoalini Mafra<br \/>\n<\/strong><strong>T\u00edtulo:\u00a0<\/strong>Entendimento do papel de glutaminase 2 para a progress\u00e3o tumoral<\/li>\n<li><strong>Rafael Boni<br \/>\n<\/strong><strong>T\u00edtulo:<\/strong>\u00a0Kinetic Modeling: understanding the inhibitory compounds present in cellulosic ethanol fermentation process<\/li>\n<li><strong>Flavio Henrique Feres<br \/>\n<\/strong><strong>T\u00edtulo:<\/strong>\u00a0Campos Hertzianos e modula\u00e7\u00e3o de f\u00f4nons pol\u00e1ritons hiperb\u00f3licos em nitreto de boro hexagonal depositados sobre meta-superf\u00edcies<\/li>\n<\/ul>\n<p>[\/vc_toggle][\/vc_column][\/vc_row]<\/p>\n<\/div>","protected":false},"excerpt":{"rendered":"<p>[vc_row][vc_column][vc_custom_heading text=&#8221;CEC 2019&#8243; font_container=&#8221;tag:h4|text_align:left&#8221; google_fonts=&#8221;font_family:Montserrat%3Aregular%2C700|font_style:700%20bold%20regular%3A700%3Anormal&#8221; css=&#8221;&#8221;][vc_column_text] A segunda edi\u00e7\u00e3o do Congresso de Estudantes do CNPEM (CEC), realizado entre os dias 26 e 28 de novembro de 2019, foi concebido para ser o grande evento t\u00e9cnico-cient\u00edfico do Centro Nacional de Pesquisa em Energia e Materiais (CNPEM), dando visibilidade aos trabalhos desenvolvidos pelos estudantes dos quatro Laborat\u00f3rios&hellip;<\/p>\n","protected":false},"author":883,"featured_media":0,"parent":0,"menu_order":0,"comment_status":"closed","ping_status":"closed","template":"","meta":{"footnotes":""},"class_list":["post-27","page","type-page","status-publish","hentry","description-off"],"_links":{"self":[{"href":"https:\/\/pages.cnpem.br\/cec\/wp-json\/wp\/v2\/pages\/27","targetHints":{"allow":["GET"]}}],"collection":[{"href":"https:\/\/pages.cnpem.br\/cec\/wp-json\/wp\/v2\/pages"}],"about":[{"href":"https:\/\/pages.cnpem.br\/cec\/wp-json\/wp\/v2\/types\/page"}],"author":[{"embeddable":true,"href":"https:\/\/pages.cnpem.br\/cec\/wp-json\/wp\/v2\/users\/883"}],"replies":[{"embeddable":true,"href":"https:\/\/pages.cnpem.br\/cec\/wp-json\/wp\/v2\/comments?post=27"}],"version-history":[{"count":0,"href":"https:\/\/pages.cnpem.br\/cec\/wp-json\/wp\/v2\/pages\/27\/revisions"}],"wp:attachment":[{"href":"https:\/\/pages.cnpem.br\/cec\/wp-json\/wp\/v2\/media?parent=27"}],"curies":[{"name":"wp","href":"https:\/\/api.w.org\/{rel}","templated":true}]}}