{"id":226,"date":"2026-01-29T19:15:43","date_gmt":"2026-01-29T19:15:43","guid":{"rendered":"https:\/\/pages.cnpem.br\/cepidcemol\/?page_id=226"},"modified":"2026-02-11T17:10:33","modified_gmt":"2026-02-11T17:10:33","slug":"adalberto-fazzio","status":"publish","type":"page","link":"https:\/\/pages.cnpem.br\/cepidcemol\/equipe\/adalberto-fazzio\/","title":{"rendered":"Adalberto Fazzio"},"content":{"rendered":"<div class=\"wpb-content-wrapper\"><p>[vc_row][vc_column width=&#8221;1\/3&#8243;]<style type=\"text\/css\" data-type=\"the7_shortcodes-inline-css\">.shortcode-single-image-wrap.shortcode-single-image-a3621f94d6d4357422e21df62d700a9b.enable-bg-rollover .rollover i,\n.shortcode-single-image-wrap.shortcode-single-image-a3621f94d6d4357422e21df62d700a9b.enable-bg-rollover .rollover-video i {\n  background: -webkit-linear-gradient();\n  background: linear-gradient();\n}\n.shortcode-single-image-wrap.shortcode-single-image-a3621f94d6d4357422e21df62d700a9b .rollover-icon {\n  font-size: 32px;\n  color: #ffffff;\n  min-width: 44px;\n  min-height: 44px;\n  line-height: 44px;\n  border-radius: 100px;\n  border-style: solid;\n  border-width: 0px;\n}\n.dt-icon-bg-on.shortcode-single-image-wrap.shortcode-single-image-a3621f94d6d4357422e21df62d700a9b .rollover-icon {\n  background: rgba(255,255,255,0.3);\n  box-shadow: none;\n}<\/style><div class=\"shortcode-single-image-wrap shortcode-single-image-a3621f94d6d4357422e21df62d700a9b alignnone  enable-bg-rollover dt-icon-bg-off\" style=\"margin-top:0px; margin-bottom:0px; margin-left:0px; margin-right:0px; width:500px;\"><div class=\"shortcode-single-image\"><div class=\"fancy-media-wrap  layzr-bg\" style=\"\"><img fetchpriority=\"high\" decoding=\"async\" class=\"preload-me lazy-load aspect\" src=\"data:image\/svg+xml,%3Csvg%20xmlns%3D&#39;http%3A%2F%2Fwww.w3.org%2F2000%2Fsvg&#39;%20viewBox%3D&#39;0%200%20500%20500&#39;%2F%3E\" data-src=\"https:\/\/pages.cnpem.br\/cepidcemol\/wp-content\/uploads\/sites\/201\/2026\/02\/Foto-Prof.-Fazzio-scaled-500x500.jpg\" data-srcset=\"https:\/\/pages.cnpem.br\/cepidcemol\/wp-content\/uploads\/sites\/201\/2026\/02\/Foto-Prof.-Fazzio-scaled-500x500.jpg 500w, https:\/\/pages.cnpem.br\/cepidcemol\/wp-content\/uploads\/sites\/201\/2026\/02\/Foto-Prof.-Fazzio-scaled-1000x1000.jpg 1000w\" loading=\"eager\" sizes=\"(max-width: 500px) 100vw, 500px\" width=\"500\" height=\"500\"  data-dt-location=\"https:\/\/pages.cnpem.br\/cepidcemol\/equipe\/adalberto-fazzio\/foto-prof-fazzio\/\" style=\"--ratio: 500 \/ 500;\" alt=\"\" \/><\/div><\/div><\/div>[vc_empty_space height=&#8221;25px&#8221;][vc_column_text css=&#8221;&#8221;]<\/p>\n<div class=\"wpb_text_column wpb_content_element \">\n<div class=\"wpb_wrapper\">\n<div class=\"wpb_text_column wpb_content_element \">\n<div class=\"wpb_wrapper\">\n<h4 style=\"text-align: center\">Adalberto Fazzio<\/h4>\n<p style=\"text-align: center\"><strong>Coordenador Cient\u00edfico do CEMol<\/strong><\/p>\n<p style=\"text-align: center\">Ilum-CNPEM<\/p>\n<\/div>\n<\/div>\n<\/div>\n<\/div>\n<p>[\/vc_column_text][\/vc_column][vc_column width=&#8221;2\/3&#8243;][vc_column_text css=&#8221;&#8221;]<span data-olk-copy-source=\"MessageBody\"> <b>Adalberto Fazzio<\/b>\u00a0\u00e9 Diretor da Ilum Escola de Ci\u00eancia do Centro Nacional de Pesquisa em Energia e Materiais (CNPEM) e Professor Titular aposentado do Instituto de F\u00edsica da Universidade de S\u00e3o Paulo (IF-USP). Foi presidente da Sociedade Brasileira de F\u00edsica. \u00c9 bacharel e mestre em F\u00edsica pela Universidade de Bras\u00edlia (UnB) e doutor em F\u00edsica pela USP, com est\u00e1gios como pesquisador visitante no National Renewable Energy Laboratory (EUA) e no Fritz-H\u00e4ber-Institut (Alemanha). Conduz pesquisas em F\u00edsica da Mat\u00e9ria Condensada, com \u00eanfase em propriedades estruturais, magn\u00e9ticas e de transporte em materiais, especialmente nanomateriais e isolantes topol\u00f3gicos. Autor de mais de 300 artigos cient\u00edficos, \u00e9 membro da Academia Brasileira de Ci\u00eancias e da The World Academy of Sciences, recebeu a Comenda da Ordem Nacional do M\u00e9rito Cient\u00edfico, tendo sido promovido \u00e0 Classe da Gr\u00e3-Cruz, e exerceu posi\u00e7\u00f5es de destaque na gest\u00e3o cient\u00edfica e na formula\u00e7\u00e3o de pol\u00edticas p\u00fablicas de ci\u00eancia e tecnologia.<\/span><\/p>\n<p><span data-ccp-props=\"{&quot;134233117&quot;:false,&quot;134233118&quot;:false,&quot;335559738&quot;:0,&quot;335559739&quot;:240}\">\u00a0<\/span><\/p>\n<p><span data-contrast=\"auto\"><strong>\u00c1rea tem\u00e1tica<\/strong>: Ferramentas Cient\u00edficas<\/span><span data-ccp-props=\"{&quot;134233117&quot;:false,&quot;134233118&quot;:false,&quot;335559738&quot;:0,&quot;335559739&quot;:240}\">\u00a0<\/span><\/p>\n<p><span data-contrast=\"auto\"><strong>Lattes<\/strong>: <\/span><a href=\"http:\/\/lattes.cnpq.br\/2714004273523549\"><span data-contrast=\"none\">http:\/\/lattes.cnpq.br\/2714004273523549<\/span><\/a><span data-ccp-props=\"{&quot;134233117&quot;:false,&quot;134233118&quot;:false,&quot;335559738&quot;:0,&quot;335559739&quot;:240}\">\u00a0<\/span><\/p>\n<p><strong>Google Scholar<\/strong>: <a href=\"https:\/\/scholar.google.com\/citations?user=O6z734cAAAAJ\">https:\/\/scholar.google.com\/citations?user=O6z734cAAAAJ<\/a>[\/vc_column_text][\/vc_column][\/vc_row]<\/p>\n<\/div>","protected":false},"excerpt":{"rendered":"<p>[vc_row][vc_column width=&#8221;1\/3&#8243;][vc_empty_space height=&#8221;25px&#8221;][vc_column_text css=&#8221;&#8221;] Adalberto Fazzio Coordenador Cient\u00edfico do CEMol Ilum-CNPEM [\/vc_column_text][\/vc_column][vc_column width=&#8221;2\/3&#8243;][vc_column_text css=&#8221;&#8221;] Adalberto Fazzio\u00a0\u00e9 Diretor da Ilum Escola de Ci\u00eancia do Centro Nacional de Pesquisa em Energia e Materiais (CNPEM) e Professor Titular aposentado do Instituto de F\u00edsica da Universidade de S\u00e3o Paulo (IF-USP). Foi presidente da Sociedade Brasileira de F\u00edsica. \u00c9 bacharel&hellip;<\/p>\n","protected":false},"author":4808,"featured_media":0,"parent":134,"menu_order":0,"comment_status":"closed","ping_status":"closed","template":"","meta":{"footnotes":""},"class_list":["post-226","page","type-page","status-publish","hentry","description-off"],"jetpack_sharing_enabled":true,"_links":{"self":[{"href":"https:\/\/pages.cnpem.br\/cepidcemol\/wp-json\/wp\/v2\/pages\/226","targetHints":{"allow":["GET"]}}],"collection":[{"href":"https:\/\/pages.cnpem.br\/cepidcemol\/wp-json\/wp\/v2\/pages"}],"about":[{"href":"https:\/\/pages.cnpem.br\/cepidcemol\/wp-json\/wp\/v2\/types\/page"}],"author":[{"embeddable":true,"href":"https:\/\/pages.cnpem.br\/cepidcemol\/wp-json\/wp\/v2\/users\/4808"}],"replies":[{"embeddable":true,"href":"https:\/\/pages.cnpem.br\/cepidcemol\/wp-json\/wp\/v2\/comments?post=226"}],"version-history":[{"count":0,"href":"https:\/\/pages.cnpem.br\/cepidcemol\/wp-json\/wp\/v2\/pages\/226\/revisions"}],"up":[{"embeddable":true,"href":"https:\/\/pages.cnpem.br\/cepidcemol\/wp-json\/wp\/v2\/pages\/134"}],"wp:attachment":[{"href":"https:\/\/pages.cnpem.br\/cepidcemol\/wp-json\/wp\/v2\/media?parent=226"}],"curies":[{"name":"wp","href":"https:\/\/api.w.org\/{rel}","templated":true}]}}