{"id":326,"date":"2026-02-03T12:42:50","date_gmt":"2026-02-03T12:42:50","guid":{"rendered":"https:\/\/pages.cnpem.br\/cepidcemol\/?page_id=326"},"modified":"2026-02-12T16:38:09","modified_gmt":"2026-02-12T16:38:09","slug":"valeria-spolon-marangoni","status":"publish","type":"page","link":"https:\/\/pages.cnpem.br\/cepidcemol\/equipe\/valeria-spolon-marangoni\/","title":{"rendered":"Val\u00e9ria Spolon Marangoni"},"content":{"rendered":"<div class=\"wpb-content-wrapper\"><p>[vc_row][vc_column width=&#8221;1\/3&#8243;]<style type=\"text\/css\" data-type=\"the7_shortcodes-inline-css\">.shortcode-single-image-wrap.shortcode-single-image-55e9cb9368772e2e925794bf2ef8ac6e.enable-bg-rollover .rollover i,\n.shortcode-single-image-wrap.shortcode-single-image-55e9cb9368772e2e925794bf2ef8ac6e.enable-bg-rollover .rollover-video i {\n  background: -webkit-linear-gradient();\n  background: linear-gradient();\n}\n.shortcode-single-image-wrap.shortcode-single-image-55e9cb9368772e2e925794bf2ef8ac6e .rollover-icon {\n  font-size: 32px;\n  color: #ffffff;\n  min-width: 44px;\n  min-height: 44px;\n  line-height: 44px;\n  border-radius: 100px;\n  border-style: solid;\n  border-width: 0px;\n}\n.dt-icon-bg-on.shortcode-single-image-wrap.shortcode-single-image-55e9cb9368772e2e925794bf2ef8ac6e .rollover-icon {\n  background: rgba(255,255,255,0.3);\n  box-shadow: none;\n}<\/style><div class=\"shortcode-single-image-wrap shortcode-single-image-55e9cb9368772e2e925794bf2ef8ac6e alignnone  enable-bg-rollover dt-icon-bg-off\" style=\"margin-top:0px; margin-bottom:0px; margin-left:0px; margin-right:0px; width:500px;\"><div class=\"shortcode-single-image\"><div class=\"fancy-media-wrap  layzr-bg\" style=\"\"><img fetchpriority=\"high\" decoding=\"async\" class=\"preload-me lazy-load aspect\" src=\"data:image\/svg+xml,%3Csvg%20xmlns%3D&#39;http%3A%2F%2Fwww.w3.org%2F2000%2Fsvg&#39;%20viewBox%3D&#39;0%200%20500%20500&#39;%2F%3E\" data-src=\"https:\/\/pages.cnpem.br\/cepidcemol\/wp-content\/uploads\/sites\/201\/2026\/02\/Valeria-Spolon-500x500.jpg\" data-srcset=\"https:\/\/pages.cnpem.br\/cepidcemol\/wp-content\/uploads\/sites\/201\/2026\/02\/Valeria-Spolon-500x500.jpg 500w, https:\/\/pages.cnpem.br\/cepidcemol\/wp-content\/uploads\/sites\/201\/2026\/02\/Valeria-Spolon-1000x1000.jpg 1000w\" loading=\"eager\" sizes=\"(max-width: 500px) 100vw, 500px\" width=\"500\" height=\"500\"  data-dt-location=\"https:\/\/pages.cnpem.br\/cepidcemol\/equipe\/valeria-spolon\/\" style=\"--ratio: 500 \/ 500;\" alt=\"\" \/><\/div><\/div><\/div>[vc_empty_space height=&#8221;25px&#8221;][vc_column_text css=&#8221;&#8221;]<\/p>\n<div class=\"wpb_text_column wpb_content_element \">\n<div class=\"wpb_wrapper\">\n<div class=\"wpb_text_column wpb_content_element \">\n<div class=\"wpb_wrapper\">\n<h4 style=\"text-align: center\"><span class=\"TextRun SCXW181524146 BCX2\" lang=\"PT-BR\" xml:lang=\"PT-BR\" data-contrast=\"auto\"><span class=\"NormalTextRun SCXW181524146 BCX2\"><span class=\"TextRun SCXW29186446 BCX2\" lang=\"PT-BR\" xml:lang=\"PT-BR\" data-contrast=\"auto\"><span class=\"NormalTextRun SCXW29186446 BCX2\">Val\u00e9ria Spolon Marangoni<\/span><\/span><\/span><\/span><\/h4>\n<p style=\"text-align: center\">Ilum-CNPEM<\/p>\n<\/div>\n<\/div>\n<\/div>\n<\/div>\n<p>[\/vc_column_text][\/vc_column][vc_column width=&#8221;2\/3&#8243;][vc_column_text css=&#8221;&#8221;]<strong>Val\u00e9ria Spolon Marangoni<\/strong> \u00e9 professora e coordenadora de laborat\u00f3rios na Ilum \u2013 Escola de Ci\u00eancia do Centro Nacional de Pesquisa em Energia e Materiais (CNPEM). \u00c9 bacharel em Qu\u00edmica pelo Instituto de Qu\u00edmica de S\u00e3o Carlos da Universidade de S\u00e3o Paulo (IQSC-USP), onde recebeu o Pr\u00eamio Lavoisier de melhor aluna (2010). \u00c9 mestre e doutora em F\u00edsica Aplicada pelo Instituto de F\u00edsica de S\u00e3o Carlos (IFSC) da USP, com doutorado sandu\u00edche na Rice University (EUA). Realizou p\u00f3s-doutorado no MackGraphe e foi Research Fellow na National University of Singapore. Atua na s\u00edntese, caracteriza\u00e7\u00e3o e funcionaliza\u00e7\u00e3o de nanoestruturas plasm\u00f4nicas e materiais bidimensionais, com experi\u00eancia acad\u00eamica e industrial em nanomateriais. Tem mais de 30 artigos publicados em peri\u00f3dicos da \u00e1rea e \u00e9 autora em 2 patentes.<\/p>\n<p>&nbsp;<\/p>\n<p><strong>\u00c1rea tem\u00e1tica<\/strong>: Sa\u00fade<\/p>\n<p><strong>Lattes<\/strong>: <a href=\"http:\/\/lattes.cnpq.br\/2367731800019171\">http:\/\/lattes.cnpq.br\/2367731800019171<\/a><\/p>\n<p><strong>Google Scholar<\/strong>: <a href=\"https:\/\/scholar.google.com\/citations?user=9XcKgSkAAAAJ\">https:\/\/scholar.google.com\/citations?user=9XcKgSkAAAAJ<\/a>[\/vc_column_text][\/vc_column][\/vc_row]<\/p>\n<\/div>","protected":false},"excerpt":{"rendered":"<p>[vc_row][vc_column width=&#8221;1\/3&#8243;][vc_empty_space height=&#8221;25px&#8221;][vc_column_text css=&#8221;&#8221;] Val\u00e9ria Spolon Marangoni Ilum-CNPEM [\/vc_column_text][\/vc_column][vc_column width=&#8221;2\/3&#8243;][vc_column_text css=&#8221;&#8221;]Val\u00e9ria Spolon Marangoni \u00e9 professora e coordenadora de laborat\u00f3rios na Ilum \u2013 Escola de Ci\u00eancia do Centro Nacional de Pesquisa em Energia e Materiais (CNPEM). \u00c9 bacharel em Qu\u00edmica pelo Instituto de Qu\u00edmica de S\u00e3o Carlos da Universidade de S\u00e3o Paulo (IQSC-USP), onde recebeu o&hellip;<\/p>\n","protected":false},"author":4808,"featured_media":0,"parent":134,"menu_order":0,"comment_status":"closed","ping_status":"closed","template":"","meta":{"footnotes":""},"class_list":["post-326","page","type-page","status-publish","hentry","description-off"],"jetpack_sharing_enabled":true,"_links":{"self":[{"href":"https:\/\/pages.cnpem.br\/cepidcemol\/wp-json\/wp\/v2\/pages\/326","targetHints":{"allow":["GET"]}}],"collection":[{"href":"https:\/\/pages.cnpem.br\/cepidcemol\/wp-json\/wp\/v2\/pages"}],"about":[{"href":"https:\/\/pages.cnpem.br\/cepidcemol\/wp-json\/wp\/v2\/types\/page"}],"author":[{"embeddable":true,"href":"https:\/\/pages.cnpem.br\/cepidcemol\/wp-json\/wp\/v2\/users\/4808"}],"replies":[{"embeddable":true,"href":"https:\/\/pages.cnpem.br\/cepidcemol\/wp-json\/wp\/v2\/comments?post=326"}],"version-history":[{"count":0,"href":"https:\/\/pages.cnpem.br\/cepidcemol\/wp-json\/wp\/v2\/pages\/326\/revisions"}],"up":[{"embeddable":true,"href":"https:\/\/pages.cnpem.br\/cepidcemol\/wp-json\/wp\/v2\/pages\/134"}],"wp:attachment":[{"href":"https:\/\/pages.cnpem.br\/cepidcemol\/wp-json\/wp\/v2\/media?parent=326"}],"curies":[{"name":"wp","href":"https:\/\/api.w.org\/{rel}","templated":true}]}}