{"id":11,"date":"2025-12-10T12:30:14","date_gmt":"2025-12-10T12:30:14","guid":{"rendered":"https:\/\/pages.cnpem.br\/escola-itinerante-lnbr\/?page_id=11"},"modified":"2026-01-21T16:15:50","modified_gmt":"2026-01-21T16:15:50","slug":"programacao","status":"publish","type":"page","link":"https:\/\/pages.cnpem.br\/escola-itinerante-lnbr\/programacao\/","title":{"rendered":"Programa\u00e7\u00e3o"},"content":{"rendered":"<div class=\"wpb-content-wrapper\"><p>[vc_row][vc_column][vc_tta_tabs][vc_tta_section title=&#8221;23 de mar\u00e7o (seg)&#8221; tab_id=&#8221;23-mar&#8221;][vc_column_text css=&#8221;&#8221;]<\/p>\n<div style=\"max-width: 100%\">\n<p><span style=\"color: #000000\"><strong><span style=\"font-size: 14pt\">Acesso \u00e0 biodiversidade<\/span><\/strong><\/span><\/p>\n<table style=\"width: 100%;border-collapse: collapse;font-family: Arial, sans-serif;font-size: 14px\">\n<thead>\n<tr style=\"background-color: #0b251a;color: #ffffff\">\n<th style=\"padding: 8px;text-align: left;width: 14.2971%\">HOR\u00c1RIO<\/th>\n<th style=\"padding: 8px;text-align: left;width: 59.015%\">ATIVIDADE<\/th>\n<th style=\"padding: 8px;text-align: left;width: 26.6085%\">PALESTRANTE<\/th>\n<\/tr>\n<\/thead>\n<tbody>\n<tr style=\"background-color: #f0f4f8\">\n<td style=\"padding: 8px;width: 14.2971%\"><span style=\"color: #000000\">9h00\u202f\u2013\u202f10h<\/span><\/td>\n<td style=\"padding: 8px;width: 59.015%\"><span style=\"color: #000000\">Abertura<\/span><\/td>\n<td style=\"padding: 8px;width: 26.6085%\"><span style=\"color: #000000\">Mario Murakami (LNBR\/CNPEM)<\/span><\/td>\n<\/tr>\n<tr>\n<td style=\"padding: 8px;width: 14.2971%\"><span style=\"color: #000000\">10h\u202f\u2013\u202f10h30<\/span><\/td>\n<td style=\"padding: 8px;width: 59.015%\"><span style=\"color: #000000\">Intervalo (Foto Oficial)<\/span><\/td>\n<td style=\"padding: 8px;width: 26.6085%\"><span style=\"color: #000000\">\u2013<\/span><\/td>\n<\/tr>\n<tr style=\"background-color: #f0f4f8\">\n<td style=\"padding: 8px;width: 14.2971%\"><span style=\"color: #000000\">10h30\u202f\u2013\u202f12h30<\/span><\/td>\n<td style=\"padding: 8px;width: 59.015%\"><span style=\"color: #000000\">Preserva\u00e7\u00e3o de Amostras Ambientais como Determinante da Qualidade em NGS<\/span><\/td>\n<td style=\"padding: 8px;width: 26.6085%\"><span style=\"color: #000000\">Natalia Oliveira de Ara\u00fajo (LNBR\/CNPEM)<\/span><\/td>\n<\/tr>\n<tr>\n<td style=\"padding: 8px;width: 14.2971%\"><span style=\"color: #000000\">14h\u202f\u2013\u202f16h<\/span><\/td>\n<td style=\"padding: 8px;width: 59.015%\"><span style=\"color: #000000\">Bioprospec\u00e7\u00e3o de Microrganismos: de M\u00e9todos Convencionais \u00e0s Tecnologias High throughput<\/span><\/td>\n<td style=\"padding: 8px;width: 26.6085%\"><span style=\"color: #000000\">Rafael Messias Gandra (LNBR\/CNPEM)<\/span><\/td>\n<\/tr>\n<tr style=\"background-color: #f0f4f8\">\n<td style=\"padding: 8px;width: 14.2971%\"><span style=\"color: #000000\">16h\u202f\u2013\u202f16h30<\/span><\/td>\n<td style=\"padding: 8px;width: 59.015%\"><span style=\"color: #000000\">Intervalo<\/span><\/td>\n<td style=\"padding: 8px;width: 26.6085%\"><span style=\"color: #000000\">\u2013<\/span><\/td>\n<\/tr>\n<tr>\n<td style=\"padding: 8px;width: 14.2971%\"><span style=\"color: #000000\">16h30\u202f\u2013\u202f17h30<\/span><\/td>\n<td style=\"padding: 8px;width: 59.015%\"><span style=\"color: #000000\">Estudo Local<\/span><\/td>\n<td style=\"padding: 8px;width: 26.6085%\"><span style=\"color: #000000\">\u2014<\/span><\/td>\n<\/tr>\n<\/tbody>\n<\/table>\n<\/div>\n<p>[\/vc_column_text][\/vc_tta_section][vc_tta_section title=&#8221;24 de mar\u00e7o (ter)&#8221; tab_id=&#8221;24-mar&#8221;][vc_column_text css=&#8221;&#8221;]<\/p>\n<div style=\"max-width: 100%\">\n<p><span style=\"color: #000000\"><strong><span style=\"font-size: 14pt\">Novos alvos para Biotecnologia<\/span><\/strong><\/span><\/p>\n<\/div>\n<div style=\"max-width: 100%\">\n<table style=\"width: 100%;border-collapse: collapse;font-family: Arial, sans-serif;font-size: 14px;height: 220px\">\n<thead>\n<tr style=\"background-color: #0b251a;color: #ffffff\">\n<th style=\"padding: 8px;text-align: left;height: 22px\">HOR\u00c1RIO<\/th>\n<th style=\"padding: 8px;text-align: left;height: 22px\">ATIVIDADE<\/th>\n<th style=\"padding: 8px;text-align: left;height: 22px\">PALESTRANTE<\/th>\n<\/tr>\n<\/thead>\n<tbody>\n<tr style=\"background-color: #f0f4f8\">\n<td style=\"padding: 8px;height: 22px\"><span style=\"color: #000000\">9h\u202f\u2013\u202f10h<\/span><\/td>\n<td style=\"padding: 8px;height: 22px\"><span style=\"color: #000000\">Estudo Local<\/span><\/td>\n<td style=\"padding: 8px;height: 22px\"><span style=\"color: #000000\">\u2013<\/span><\/td>\n<\/tr>\n<tr style=\"height: 22px\">\n<td style=\"padding: 8px;height: 22px\"><span style=\"color: #000000\">10h\u202f\u2013\u202f10h30<\/span><\/td>\n<td style=\"padding: 8px;height: 22px\"><span style=\"color: #000000\">Intervalo<\/span><\/td>\n<td style=\"padding: 8px;height: 22px\"><span style=\"color: #000000\">\u2013<\/span><\/td>\n<\/tr>\n<tr style=\"background-color: #f0f4f8\">\n<td style=\"padding: 8px;height: 22px\"><span style=\"color: #000000\">10h30\u202f\u2013\u202f12h30<\/span><\/td>\n<td style=\"padding: 8px;height: 22px\"><span style=\"color: #000000\">Revelando a Biodiversidade Atrav\u00e9s das Ci\u00eancias Multi\u00f4micas Integradas<\/span><\/td>\n<td style=\"padding: 8px;height: 22px\"><span style=\"color: #000000\">Rodrigo Silva Araujo Streit (LNBR\/CNPEM)<\/span><\/td>\n<\/tr>\n<tr style=\"height: 22px\">\n<td style=\"padding: 8px;height: 22px\"><span style=\"color: #000000\">14h\u202f\u2013\u202f16h<\/span><\/td>\n<td style=\"padding: 8px;height: 22px\"><span style=\"color: #000000\">Biologia Estrutural na Descoberta de Novas Ferramentas para Biocat\u00e1lise<\/span><\/td>\n<td style=\"padding: 8px;height: 22px\"><span style=\"color: #000000\">C\u00e9lio Cabral Oliveira (LNBR\/CNPEM)<\/span><\/td>\n<\/tr>\n<tr style=\"background-color: #f0f4f8\">\n<td style=\"padding: 8px;height: 22px\"><span style=\"color: #000000\">16h\u202f\u2013\u202f16h30<\/span><\/td>\n<td style=\"padding: 8px;height: 22px\"><span style=\"color: #000000\">Intervalo<\/span><\/td>\n<td style=\"padding: 8px;height: 22px\"><span style=\"color: #000000\">\u2013<\/span><\/td>\n<\/tr>\n<tr style=\"height: 22px\">\n<td style=\"padding: 8px;height: 22px\"><span style=\"color: #000000\">16h30\u202f\u2013\u202f17h<\/span><\/td>\n<td style=\"padding: 8px;height: 22px\"><span style=\"color: #000000\">Pr\u00e1tica: EdU CNPEM<\/span><\/td>\n<td style=\"padding: 8px;height: 22px\"><span style=\"color: #000000\">\u2013<\/span><\/td>\n<\/tr>\n<tr style=\"background-color: #f0f4f8\">\n<td style=\"padding: 8px;height: 22px\"><span style=\"color: #000000\">17h\u202f\u2013\u202f17h30<\/span><\/td>\n<td style=\"padding: 8px;height: 22px\"><span style=\"color: #000000\">Pr\u00e1tica: Do genoma \u00e0 fun\u00e7\u00e3o<\/span><\/td>\n<td style=\"padding: 8px;height: 22px\"><span style=\"color: #000000\">\u2013<\/span><\/td>\n<\/tr>\n<\/tbody>\n<\/table>\n<\/div>\n<p>[\/vc_column_text][\/vc_tta_section][vc_tta_section title=&#8221;25 de mar\u00e7o (qua)&#8221; tab_id=&#8221;25-mar&#8221;][vc_column_text css=&#8221;&#8221;]<\/p>\n<div style=\"max-width: 100%\">\n<p><span style=\"color: #000000\"><strong><span style=\"font-size: 14pt\">Biof\u00e1bricas<\/span><\/strong><\/span><\/p>\n<\/div>\n<div style=\"max-width: 100%\">\n<table style=\"width: 100%;border-collapse: collapse;font-family: Arial, sans-serif;font-size: 14px;height: 132px\">\n<thead>\n<tr style=\"background-color: #0b251a;color: #ffffff\">\n<th style=\"padding: 8px;text-align: left;height: 22px\">HOR\u00c1RIO<\/th>\n<th style=\"padding: 8px;text-align: left;height: 22px\">ATIVIDADE<\/th>\n<th style=\"padding: 8px;text-align: left;height: 22px\">PALESTRANTE<\/th>\n<\/tr>\n<\/thead>\n<tbody>\n<tr style=\"background-color: #f0f4f8\">\n<td style=\"padding: 8px;height: 22px\"><span style=\"color: #000000\">9h\u202f\u2013\u202f10h<\/span><\/td>\n<td style=\"padding: 8px;height: 22px\"><span style=\"color: #000000\">Estudo Local<\/span><\/td>\n<td style=\"padding: 8px;height: 22px\"><span style=\"color: #000000\">\u2013<\/span><\/td>\n<\/tr>\n<tr style=\"height: 22px\">\n<td style=\"padding: 8px;height: 22px\"><span style=\"color: #000000\">10h\u202f\u2013\u202f10h30<\/span><\/td>\n<td style=\"padding: 8px;height: 22px\"><span style=\"color: #000000\">Intervalo<\/span><\/td>\n<td style=\"padding: 8px;height: 22px\"><span style=\"color: #000000\">\u2013<\/span><\/td>\n<\/tr>\n<tr style=\"background-color: #f0f4f8\">\n<td style=\"padding: 8px;height: 22px\"><span style=\"color: #000000\">10h30\u202f\u2013\u202f12h30<\/span><\/td>\n<td style=\"padding: 8px;height: 22px\"><span style=\"color: #000000\">Design Modular do Metabolismo Celular Atrav\u00e9s de Engenharia Gen\u00e9tica Avan\u00e7ada<\/span><\/td>\n<td style=\"padding: 8px;height: 22px\"><span style=\"color: #000000\">Wesley Cardoso Generoso (LNBR\/CNPEM)<\/span><\/td>\n<\/tr>\n<tr style=\"height: 22px\">\n<td style=\"padding: 8px;height: 22px\"><span style=\"color: #000000\">14h\u202f\u2013\u202f16h<\/span><\/td>\n<td style=\"padding: 8px;height: 22px\"><span style=\"color: #000000\">Desenvolvimento de Bioprocessos Integrados e Interativos para Solu\u00e7\u00f5es Sustent\u00e1veis<\/span><\/td>\n<td style=\"padding: 8px;height: 22px\"><span style=\"color: #000000\">Cintia Regina Sargo (LNBR\/CNPEM)<\/span><\/td>\n<\/tr>\n<tr style=\"background-color: #f0f4f8\">\n<td style=\"padding: 8px;height: 22px\"><span style=\"color: #000000\">16h\u202f\u2013\u202f17h<\/span><\/td>\n<td style=\"padding: 8px;height: 22px\"><span style=\"color: #000000\">Encerramento<\/span><\/td>\n<td style=\"padding: 8px;height: 22px\"><span style=\"color: #000000\">Marcia Vanusa da Silva (UFPE)<\/span><\/td>\n<\/tr>\n<\/tbody>\n<\/table>\n<\/div>\n<p>[\/vc_column_text][\/vc_tta_section][\/vc_tta_tabs][\/vc_column][\/vc_row]<\/p>\n<\/div>","protected":false},"excerpt":{"rendered":"<p>[vc_row][vc_column][vc_tta_tabs][vc_tta_section title=&#8221;23 de mar\u00e7o (seg)&#8221; tab_id=&#8221;23-mar&#8221;][vc_column_text css=&#8221;&#8221;] Acesso \u00e0 biodiversidade HOR\u00c1RIO ATIVIDADE PALESTRANTE 9h00\u202f\u2013\u202f10h Abertura Mario Murakami (LNBR\/CNPEM) 10h\u202f\u2013\u202f10h30 Intervalo (Foto Oficial) \u2013 10h30\u202f\u2013\u202f12h30 Preserva\u00e7\u00e3o de Amostras Ambientais como Determinante da Qualidade em NGS Natalia Oliveira de Ara\u00fajo (LNBR\/CNPEM) 14h\u202f\u2013\u202f16h Bioprospec\u00e7\u00e3o de Microrganismos: de M\u00e9todos Convencionais \u00e0s Tecnologias High throughput Rafael Messias Gandra (LNBR\/CNPEM) 16h\u202f\u2013\u202f16h30&hellip;<\/p>\n","protected":false},"author":4714,"featured_media":0,"parent":0,"menu_order":0,"comment_status":"closed","ping_status":"closed","template":"","meta":{"footnotes":""},"class_list":["post-11","page","type-page","status-publish","hentry","description-off"],"_links":{"self":[{"href":"https:\/\/pages.cnpem.br\/escola-itinerante-lnbr\/wp-json\/wp\/v2\/pages\/11","targetHints":{"allow":["GET"]}}],"collection":[{"href":"https:\/\/pages.cnpem.br\/escola-itinerante-lnbr\/wp-json\/wp\/v2\/pages"}],"about":[{"href":"https:\/\/pages.cnpem.br\/escola-itinerante-lnbr\/wp-json\/wp\/v2\/types\/page"}],"author":[{"embeddable":true,"href":"https:\/\/pages.cnpem.br\/escola-itinerante-lnbr\/wp-json\/wp\/v2\/users\/4714"}],"replies":[{"embeddable":true,"href":"https:\/\/pages.cnpem.br\/escola-itinerante-lnbr\/wp-json\/wp\/v2\/comments?post=11"}],"version-history":[{"count":0,"href":"https:\/\/pages.cnpem.br\/escola-itinerante-lnbr\/wp-json\/wp\/v2\/pages\/11\/revisions"}],"wp:attachment":[{"href":"https:\/\/pages.cnpem.br\/escola-itinerante-lnbr\/wp-json\/wp\/v2\/media?parent=11"}],"curies":[{"name":"wp","href":"https:\/\/api.w.org\/{rel}","templated":true}]}}