{"id":285,"date":"2021-06-14T19:23:03","date_gmt":"2021-06-14T22:23:03","guid":{"rendered":"https:\/\/pages.cnpem.br\/intronanotox\/?page_id=285"},"modified":"2025-08-18T11:08:16","modified_gmt":"2025-08-18T14:08:16","slug":"inscricoes","status":"publish","type":"page","link":"https:\/\/pages.cnpem.br\/intronanotox\/inscricoes\/","title":{"rendered":"Inscri\u00e7\u00f5es"},"content":{"rendered":"<div class=\"wpb-content-wrapper\"><p>[vc_row][vc_column width=&#8221;2\/3&#8243;]<div class=\"smile_icon_list_wrap ult_info_list_container ult-adjust-bottom-margin  \"><ul class=\"smile_icon_list left hexagon\"><li class=\"icon_list_item\" style=\" font-size:54px;\"><div class=\"icon_list_icon\" data-animation=\"\" data-animation-delay=\"03\" style=\"font-size:18px;background:#a5229d;color:#ffffff;border-color:#a5229d;\"><i class=\"Defaults-edit pencil-square-o\" ><\/i><\/div><div class=\"icon_description\" id=\"Info-list-wrap-1045\" style=\"font-size:18px;\"><h3 class=\"ult-responsive info-list-heading\"  data-ultimate-target='#Info-list-wrap-1045 h3'  data-responsive-json-new='{\"font-size\":\"desktop:16px;\",\"line-height\":\"desktop:24px;\"}'  style=\"font-weight:bold;color:#f2cb05;\">Sobre as Inscri\u00e7\u00f5es<\/h3><div class=\"icon_description_text ult-responsive\"  data-ultimate-target='#Info-list-wrap-1045 .icon_description_text'  data-responsive-json-new='{\"font-size\":\"desktop:15px;\",\"line-height\":\"desktop:18px;\"}'  style=\"\"><p>O curso \u00e9 gratuito, com vagas limitadas a 120 participantes na modalidade presencial e 1000 na modalidade online.<\/p>\n<\/div><\/div><div class=\"icon_list_connector\" data-animation=\"fadeInUp\" data-animation-delay=\"03\" style=\"border-right-width: 1px;border-right-style: dashed;border-color: #a5229d;\"><\/div><\/li><li class=\"icon_list_item\" style=\" font-size:54px;\"><div class=\"icon_list_icon\" data-animation=\"\" data-animation-delay=\"03\" style=\"font-size:18px;background:#a5229d;color:#ffffff;border-color:#a5229d;\"><i class=\"Defaults-check\" ><\/i><\/div><div class=\"icon_description\" id=\"Info-list-wrap-5062\" style=\"font-size:18px;\"><h3 class=\"ult-responsive info-list-heading\"  data-ultimate-target='#Info-list-wrap-5062 h3'  data-responsive-json-new='{\"font-size\":\"desktop:16px;\",\"line-height\":\"desktop:24px;\"}'  style=\"font-weight:bold;color:#f2cb05;\">Sele\u00e7\u00e3o<\/h3><div class=\"icon_description_text ult-responsive\"  data-ultimate-target='#Info-list-wrap-5062 .icon_description_text'  data-responsive-json-new='{\"font-size\":\"desktop:15px;\",\"line-height\":\"desktop:18px;\"}'  style=\"\"><p>Os participantes ser\u00e3o selecionados por ordem de inscri\u00e7\u00e3o, considerando a divis\u00e3o por n\u00edvel de forma\u00e7\u00e3o e setores (academia, governo, ind\u00fastria e sociedade civil) conforme descrito abaixo:<\/p>\n<p>25% \u2013 Gradua\u00e7\u00e3o incompleta<\/p>\n<p>25% \u2013 P\u00f3s-graduandos<\/p>\n<p>10% \u2013 P\u00f3s-doutores<\/p>\n<p>40% \u2013 Profissionais de institui\u00e7\u00f5es p\u00fablicas e privadas<\/p>\n<p>&nbsp;<\/p>\n<\/div><\/div><div class=\"icon_list_connector\" data-animation=\"fadeInUp\" data-animation-delay=\"03\" style=\"border-right-width: 1px;border-right-style: dashed;border-color: #a5229d;\"><\/div><\/li><li class=\"icon_list_item\" style=\" font-size:54px;\"><div class=\"icon_list_icon\" data-animation=\"\" data-animation-delay=\"03\" style=\"font-size:18px;background:#a5229d;color:#ffffff;border-color:#a5229d;\"><i class=\"icomoon-the7-font-the7-mail-07\" ><\/i><\/div><div class=\"icon_description\" id=\"Info-list-wrap-5993\" style=\"font-size:18px;\"><h3 class=\"ult-responsive info-list-heading\"  data-ultimate-target='#Info-list-wrap-5993 h3'  data-responsive-json-new='{\"font-size\":\"desktop:16px;\",\"line-height\":\"desktop:24px;\"}'  style=\"font-weight:bold;color:#f2cb05;\">Resultado<\/h3><div class=\"icon_description_text ult-responsive\"  data-ultimate-target='#Info-list-wrap-5993 .icon_description_text'  data-responsive-json-new='{\"font-size\":\"desktop:15px;\",\"line-height\":\"desktop:18px;\"}'  style=\"\"><p>O envio da solicita\u00e7\u00e3o de inscri\u00e7\u00e3o <strong>N\u00c3O<\/strong> garante a participa\u00e7\u00e3o no curso presencial. O resultado da sele\u00e7\u00e3o ser\u00e1 comunicado via e-mail aos selecionados, com a data final para confirma\u00e7\u00e3o de participa\u00e7\u00e3o, a partir do dia 10 de setembro.<\/p>\n<\/div><\/div><div class=\"icon_list_connector\" data-animation=\"fadeInUp\" data-animation-delay=\"03\" style=\"border-right-width: 1px;border-right-style: dashed;border-color: #a5229d;\"><\/div><\/li><\/ul><\/div>[\/vc_column][vc_column width=&#8221;1\/3&#8243;][vc_cta h2=&#8221;Datas Importantes&#8221; h2_font_container=&#8221;tag:h3|text_align:center|color:%23f2c900&#8243; h2_google_fonts=&#8221;font_family:Open%20Sans%3A300%2C300italic%2Cregular%2Citalic%2C600%2C600italic%2C700%2C700italic%2C800%2C800italic|font_style:700%20bold%20regular%3A700%3Anormal&#8221; txt_align=&#8221;center&#8221; shape=&#8221;square&#8221; style=&#8221;outline&#8221; color=&#8221;purple&#8221; add_icon=&#8221;top&#8221; i_icon_fontawesome=&#8221;far fa-calendar&#8221; i_color=&#8221;custom&#8221; css=&#8221;&#8221; use_custom_fonts_h2=&#8221;true&#8221; i_custom_color=&#8221;#a5229d&#8221;]<\/p>\n<table style=\"width: 98.9134%;height: 88px\">\n<tbody>\n<tr style=\"height: 22px\">\n<td style=\"width: 55.1197%;height: 22px\">Per\u00edodo de inscri\u00e7\u00e3o para <strong>modalidade presencial<\/strong> (campus do CNPEM, Campinas SP*)<\/td>\n<td style=\"width: 121.021%;height: 22px\"><strong>18\/ago \u00e0 01\/set 2025<\/strong><\/td>\n<\/tr>\n<tr>\n<td style=\"width: 55.1197%\">Per\u00edodo de inscri\u00e7\u00e3o para <strong>modalidade online, via Teams<\/strong><\/td>\n<td style=\"width: 121.021%\"><strong>18\/ago \u00e0 30\/set 2025<\/strong><\/td>\n<\/tr>\n<tr style=\"height: 22px\">\n<td style=\"width: 55.1197%;height: 22px\">Divulga\u00e7\u00e3o dos selecionados presenciais*<\/td>\n<td style=\"width: 121.021%;height: 22px\"><strong>a partir de 05\/set<\/strong><\/td>\n<\/tr>\n<tr style=\"height: 22px\">\n<td style=\"width: 55.1197%;height: 22px\">VIII Intronanotox<\/td>\n<td style=\"width: 121.021%;height: 22px\"><b>16 e 17 de outubro de 2025<\/b><\/td>\n<\/tr>\n<\/tbody>\n<\/table>\n<p>&nbsp;<\/p>\n<p><em>* O comunicado ser\u00e1 enviada por email a partir do dia 05\/set pelo endere\u00e7o de email eventos@cnpem.br aos candidatos aprovados e aos n\u00e3o-aprovados<\/em>[\/vc_cta][\/vc_column][\/vc_row][vc_row][vc_column][vc_cta h2=&#8221;&#8221; h2_font_container=&#8221;tag:h4|text_align:center|color:%23f2c900&#8243; h2_google_fonts=&#8221;font_family:Open%20Sans%3A300%2C300italic%2Cregular%2Citalic%2C600%2C600italic%2C700%2C700italic%2C800%2C800italic|font_style:700%20bold%20regular%3A700%3Anormal&#8221; shape=&#8221;square&#8221; style=&#8221;outline&#8221; color=&#8221;purple&#8221; add_icon=&#8221;top&#8221; i_icon_fontawesome=&#8221;fa fa-solid fa-circle-exclamation&#8221; i_color=&#8221;custom&#8221; i_size=&#8221;sm&#8221; css=&#8221;&#8221; use_custom_fonts_h2=&#8221;true&#8221; i_custom_color=&#8221;#a5229d&#8221;]<\/p>\n<ul>\n<li style=\"text-align: left\"><strong><em><em><em>*N\u00e3o haver\u00e1 nenhum tipo de ajuda de custo aos participantes presenciais.<\/em><\/em><\/em>\u00a0<\/strong><\/li>\n<li style=\"text-align: left\">N\u00e3o haver\u00e1 sele\u00e7\u00e3o entre os primeiros 1000 inscritos online.<\/li>\n<li style=\"text-align: left\"><em>Todos os participantes das modalidades presencial e online (via webinar Teams) receber\u00e3o certificado.<\/em><\/li>\n<\/ul>\n<p>[\/vc_cta][vc_empty_space height=&#8221;22px&#8221;][\/vc_column][\/vc_row][vc_row][vc_column][vc_custom_heading text=&#8221;Antes de preencher o formul\u00e1rio, por favor leia as instru\u00e7\u00f5es abaixo:&#8221; font_container=&#8221;tag:h4|text_align:left|color:%23a5229d&#8221; google_fonts=&#8221;font_family:Open%20Sans%3A300%2C300italic%2Cregular%2Citalic%2C600%2C600italic%2C700%2C700italic%2C800%2C800italic|font_style:700%20bold%20regular%3A700%3Anormal&#8221; css_animation=&#8221;none&#8221; css=&#8221;&#8221;][vc_tta_accordion style=&#8221;outline&#8221; shape=&#8221;square&#8221; color=&#8221;purple&#8221; active_section=&#8221;6&#8243; collapsible_all=&#8221;true&#8221;][vc_tta_section title=&#8221;Regras de participa\u00e7\u00e3o do Curso online de Introdu\u00e7\u00e3o &#8211; Nanotecnologia e Nanotoxicologia via Plataforma Teams&#8221; tab_id=&#8221;1725042533604-9596156b-5b7d&#8221;][vc_column_text css=&#8221;&#8221;]Todos os participantes e palestrantes do VIII Curso de Introdu\u00e7\u00e3o \u00e0 Nanotecnologia &amp; Nanotoxicologia devem concordar e seguir, durante todo o evento, o c\u00f3digo de boas pr\u00e1ticas descrito abaixo, para a condu\u00e7\u00e3o de um evento produtivo, saud\u00e1vel e acess\u00edvel.<\/p>\n<p>-Nossa reuni\u00e3o oferece uma experi\u00eancia de confer\u00eancia sem ass\u00e9dio para todos.<\/p>\n<p>-Os participantes devem concordar em ser profissionais e corteses, independentemente de sexo, idade, orienta\u00e7\u00e3o sexual, necessidades especiais, ra\u00e7a, etnia ou religi\u00e3o.<\/p>\n<p>-\u00c9 estritamente proibida qualquer uma das seguintes a\u00e7\u00f5es na plataforma de realiza\u00e7\u00e3o das reuni\u00f5es durante a confer\u00eancia online:<\/p>\n<ul>\n<li>Gravar, copiar ou capturar qualquer material de confer\u00eancia apresentado;<\/li>\n<li>Compartilhamento de conte\u00fado com usu\u00e1rios n\u00e3o registrados;<\/li>\n<li>O uso de linguagem hostil ou profana;<\/li>\n<li>Oferecer ou solicitar produtos ou servi\u00e7os no app do evento.<\/li>\n<\/ul>\n<p>As viola\u00e7\u00f5es deste c\u00f3digo de conduta devem ser reportadas diretamente para eventos@cnpem.br ou para qualquer funcion\u00e1rio ou membro da comiss\u00e3o organizadora.<\/p>\n<p>As san\u00e7\u00f5es podem variar de advert\u00eancia verbal \u00e0 expuls\u00e3o da reuni\u00e3o ou \u00e0 notifica\u00e7\u00e3o das autoridades competentes. Sua coopera\u00e7\u00e3o ajudar\u00e1 a garantir uma experi\u00eancia agrad\u00e1vel e segura para todos.[\/vc_column_text][\/vc_tta_section][\/vc_tta_accordion][vc_empty_space height=&#8221;22px&#8221;][vc_row_inner][vc_column_inner][vc_custom_heading text=&#8221;FORMUL\u00c1RIO DE INSCRI\u00c7\u00c3O &#8211;<br \/>\nDE 18 DE AGOSTO \u00c0 01 DE SETEMBRO (PRESENCIAL)<br \/>\nDE 18 DE AGOSTO \u00c0 30 DE SETEMBRO (ONLINE)&#8221; font_container=&#8221;tag:h2|text_align:left|color:%23f2cb05&#8243; google_fonts=&#8221;font_family:Open%20Sans%3A300%2C300italic%2Cregular%2Citalic%2C600%2C600italic%2C700%2C700italic%2C800%2C800italic|font_style:700%20bold%20regular%3A700%3Anormal&#8221; css_animation=&#8221;none&#8221; css=&#8221;&#8221;][\/vc_column_inner][\/vc_row_inner][\/vc_column][\/vc_row]<\/p>\n<\/div>","protected":false},"excerpt":{"rendered":"<p>[vc_row][vc_column width=&#8221;2\/3&#8243;][\/vc_column][vc_column width=&#8221;1\/3&#8243;][vc_cta h2=&#8221;Datas Importantes&#8221; h2_font_container=&#8221;tag:h3|text_align:center|color:%23f2c900&#8243; h2_google_fonts=&#8221;font_family:Open%20Sans%3A300%2C300italic%2Cregular%2Citalic%2C600%2C600italic%2C700%2C700italic%2C800%2C800italic|font_style:700%20bold%20regular%3A700%3Anormal&#8221; txt_align=&#8221;center&#8221; shape=&#8221;square&#8221; style=&#8221;outline&#8221; color=&#8221;purple&#8221; add_icon=&#8221;top&#8221; i_icon_fontawesome=&#8221;far fa-calendar&#8221; i_color=&#8221;custom&#8221; css=&#8221;&#8221; use_custom_fonts_h2=&#8221;true&#8221; i_custom_color=&#8221;#a5229d&#8221;] Per\u00edodo de inscri\u00e7\u00e3o para modalidade presencial (campus do CNPEM, Campinas SP*) 18\/ago \u00e0 01\/set 2025 Per\u00edodo de inscri\u00e7\u00e3o para modalidade online, via Teams 18\/ago \u00e0 30\/set 2025 Divulga\u00e7\u00e3o dos selecionados presenciais* a partir de 05\/set VIII Intronanotox&hellip;<\/p>\n","protected":false},"author":1471,"featured_media":0,"parent":0,"menu_order":0,"comment_status":"closed","ping_status":"closed","template":"","meta":{"footnotes":""},"class_list":["post-285","page","type-page","status-publish","hentry","description-off"],"_links":{"self":[{"href":"https:\/\/pages.cnpem.br\/intronanotox\/wp-json\/wp\/v2\/pages\/285","targetHints":{"allow":["GET"]}}],"collection":[{"href":"https:\/\/pages.cnpem.br\/intronanotox\/wp-json\/wp\/v2\/pages"}],"about":[{"href":"https:\/\/pages.cnpem.br\/intronanotox\/wp-json\/wp\/v2\/types\/page"}],"author":[{"embeddable":true,"href":"https:\/\/pages.cnpem.br\/intronanotox\/wp-json\/wp\/v2\/users\/1471"}],"replies":[{"embeddable":true,"href":"https:\/\/pages.cnpem.br\/intronanotox\/wp-json\/wp\/v2\/comments?post=285"}],"version-history":[{"count":0,"href":"https:\/\/pages.cnpem.br\/intronanotox\/wp-json\/wp\/v2\/pages\/285\/revisions"}],"wp:attachment":[{"href":"https:\/\/pages.cnpem.br\/intronanotox\/wp-json\/wp\/v2\/media?parent=285"}],"curies":[{"name":"wp","href":"https:\/\/api.w.org\/{rel}","templated":true}]}}