{"id":1055,"date":"2017-03-31T16:47:56","date_gmt":"2017-03-31T16:47:56","guid":{"rendered":"http:\/\/pages.cnpem.br\/pibic\/?page_id=1055"},"modified":"2017-03-31T16:47:56","modified_gmt":"2017-03-31T16:47:56","slug":"pibic_2012-2013","status":"publish","type":"page","link":"https:\/\/pages.cnpem.br\/pibic\/pibic_2012-2013\/","title":{"rendered":"PIBIC 2012\/2013"},"content":{"rendered":"<p style=\"text-align: center;\"><a href=\"http:\/\/pages.cnpem.br\/pibic\/wp-content\/uploads\/sites\/52\/2013\/04\/Imagem-geral-site.jpg\"><img loading=\"lazy\" decoding=\"async\" class=\"size-full wp-image-799 aligncenter\" title=\"SONY DSC\" src=\"http:\/\/pages.cnpem.br\/pibic\/wp-content\/uploads\/sites\/52\/2013\/04\/Imagem-geral-site.jpg\" alt=\"\" width=\"540\" height=\"287\" srcset=\"https:\/\/pages.cnpem.br\/pibic\/wp-content\/uploads\/sites\/52\/2013\/04\/Imagem-geral-site.jpg 900w, https:\/\/pages.cnpem.br\/pibic\/wp-content\/uploads\/sites\/52\/2013\/04\/Imagem-geral-site-300x160.jpg 300w, https:\/\/pages.cnpem.br\/pibic\/wp-content\/uploads\/sites\/52\/2013\/04\/Imagem-geral-site-150x80.jpg 150w\" sizes=\"auto, (max-width: 540px) 100vw, 540px\" \/><\/a><\/p>\n<p style=\"text-align: justify;\">O Congresso Interno do Programa Institucional de Bolsas de Inicia\u00e7\u00e3o Cient\u00edfica (PIBIC) do Centro Nacional de Pesquisa em Energia e Materiais (CNPEM) foi realizado entre \u00e0s <strong>9:00 e 12:00 horas<\/strong> do dia <strong>2 de julho de 2013<\/strong> no<strong> Audit\u00f3rio do Laborat\u00f3rio Nacional de Luz S\u00edncrotron (LNLS).<\/strong><\/p>\n<p style=\"text-align: justify;\">Entre agosto de 2012 e meados de 2013, 22 alunos participaram dessa iniciativa do Conselho Nacional de Desenvolvimento Cient\u00edfico e Tecnol\u00f3gico (CNPq). Esses estudantes, provenientes de cursos de F\u00edsica, Qu\u00edmica, Biologia e Engenharias de v\u00e1rias universidades de Campinas e regi\u00e3o, desenvolveram trabalhos em diferentes \u00e1reas da ci\u00eancia e tecnologia, incluindo f\u00edsica de aceleradores, materiais nano-estruturados, estrutura e fun\u00e7\u00e3o de prote\u00ednas e bioprocessos na gera\u00e7\u00e3o de biocombust\u00edveis. Os detalhes desses projetos foram apresentados nesse Congresso e publicados em um livro de resumos. Fa\u00e7a o download do <strong><a href=\"http:\/\/pages.cnpem.br\/pibic\/wp-content\/uploads\/sites\/52\/2012\/04\/Livro-resumos-PIBIC-CNPEM-2013.pdf\" target=\"_blank\">Livro de Resumos<\/a>. <\/strong>Confira as fotos do evento abaixo:<\/p>\n<p style=\"text-align: justify;\">\n<strong>Lista de bolsistas aprovados 2012\/2013<\/strong><\/p>\n<ol>\n<li>J\u00e9ssica Marcelino Toscaro<\/li>\n<li>J\u00e9ssica Nat\u00e1lia Azevedo<\/li>\n<li>Giovana Lopes Rey Peinado<\/li>\n<li>Irene L. de Souza<\/li>\n<li>T\u00e1bata Doratioto<\/li>\n<li>Naiane Ribeiro Rios<\/li>\n<li>Marcos Felipe G. Monteiro<\/li>\n<li>Fernanda Figueiredo<\/li>\n<li>Mayara Auricchio<\/li>\n<li>Gabriel Vicente<\/li>\n<li>Igor Rovina Gava<\/li>\n<li>Vinicius de Ara\u00fajo Barbosa<\/li>\n<\/ol>\n<p>Bolsistas ingressantes no PIBIC 2012\/2013 e alunos selecionados no PIBIC 2011\/2012 que renovaram suas bolsas:<\/p>\n<table border=\"0\" width=\"81%\" cellpadding=\"0\">\n<thead>\n<tr>\n<td width=\"35%\"><strong>Bolsista<\/strong><\/td>\n<td width=\"23%\"><strong>Orientador<\/strong><\/td>\n<td><strong>Modal.<\/strong><\/td>\n<td><strong>In\u00edcio<\/strong><\/td>\n<td><strong>Termino<\/strong><\/td>\n<td width=\"2%\"><\/td>\n<\/tr>\n<\/thead>\n<tbody>\n<tr>\n<td width=\"35%\">Amanda Silva de Sousa<\/td>\n<td width=\"23%\">Roberto Ruller<\/td>\n<td width=\"12%\">IC<\/td>\n<td width=\"11%\">01\/01\/2013<\/td>\n<td width=\"11%\">31\/07\/2013<\/td>\n<td width=\"2%\"><\/td>\n<\/tr>\n<tr>\n<td width=\"35%\">Ariadne Tuckmantel Bido<\/td>\n<td width=\"23%\">Mateus Cardoso<\/td>\n<td width=\"12%\">IC<\/td>\n<td width=\"11%\">01\/08\/2012<\/td>\n<td width=\"11%\">31\/07\/2013<\/td>\n<td width=\"2%\"><\/td>\n<\/tr>\n<tr>\n<td width=\"35%\">Davi Henrique de Camargo<\/td>\n<td width=\"23%\">Carlos C\u00e9sar Bof Bufon<\/td>\n<td width=\"12%\">IC<\/td>\n<td width=\"11%\">01\/08\/2012<\/td>\n<td width=\"11%\">31\/07\/2013<\/td>\n<td width=\"2%\"><\/td>\n<\/tr>\n<tr>\n<td width=\"35%\">Fernanda Lopes de Figueiredo<\/td>\n<td width=\"23%\">Roberto Ruller<\/td>\n<td width=\"12%\">IC<\/td>\n<td width=\"11%\">01\/08\/2012<\/td>\n<td width=\"11%\">31\/07\/2013<\/td>\n<td width=\"2%\"><\/td>\n<\/tr>\n<tr>\n<td width=\"35%\">Gabriel Guarany de Araujo<\/td>\n<td width=\"23%\">Douglas Galante<\/td>\n<td width=\"12%\">IC<\/td>\n<td width=\"11%\">01\/02\/2013<\/td>\n<td width=\"11%\">31\/07\/2013<\/td>\n<td width=\"2%\"><\/td>\n<\/tr>\n<tr>\n<td width=\"35%\">Gabriel Stefani Vicente<\/td>\n<td width=\"23%\">Luiz Zagonel<\/td>\n<td width=\"12%\">IC<\/td>\n<td width=\"11%\">01\/08\/2012<\/td>\n<td width=\"11%\">31\/07\/2013<\/td>\n<td width=\"2%\"><\/td>\n<\/tr>\n<tr>\n<td width=\"35%\">Gabriel Ziviani Vitiello<\/td>\n<td width=\"23%\">Luiz Zagonel<\/td>\n<td width=\"12%\">IC<\/td>\n<td width=\"11%\">01\/08\/2012<\/td>\n<td width=\"11%\">31\/07\/2013<\/td>\n<td width=\"2%\"><\/td>\n<\/tr>\n<tr>\n<td width=\"35%\">Igor Rovina Gava<\/td>\n<td width=\"23%\">Cristiane Rodela<\/td>\n<td width=\"12%\">IC<\/td>\n<td width=\"11%\">01\/08\/2012<\/td>\n<td width=\"11%\">31\/07\/2013<\/td>\n<td width=\"2%\"><\/td>\n<\/tr>\n<tr>\n<td width=\"35%\">Irene Layane de Souza<\/td>\n<td width=\"23%\">Carolina Clemente<\/td>\n<td width=\"12%\">IC<\/td>\n<td width=\"11%\">01\/08\/2012<\/td>\n<td width=\"11%\">31\/07\/2013<\/td>\n<td width=\"2%\"><\/td>\n<\/tr>\n<tr>\n<td width=\"35%\">Isabela de Oliveira Pereira<\/td>\n<td width=\"23%\">Fabio Squina<\/td>\n<td width=\"12%\">IC<\/td>\n<td width=\"11%\">01\/08\/2012<\/td>\n<td width=\"11%\">31\/07\/2013<\/td>\n<td width=\"2%\"><\/td>\n<\/tr>\n<tr>\n<td width=\"35%\">Jessica Marceli Toscaro<\/td>\n<td width=\"23%\">Carolina Clemente<\/td>\n<td width=\"12%\">IC<\/td>\n<td width=\"11%\">01\/08\/2012<\/td>\n<td width=\"11%\">31\/07\/2013<\/td>\n<td width=\"2%\"><\/td>\n<\/tr>\n<tr>\n<td width=\"35%\">Jessica Natalia Azevedo<\/td>\n<td width=\"23%\">Marcio Bajgelman<\/td>\n<td width=\"12%\">IC<\/td>\n<td width=\"11%\">01\/08\/2012<\/td>\n<td width=\"11%\">31\/07\/2013<\/td>\n<td width=\"2%\"><\/td>\n<\/tr>\n<tr>\n<td width=\"35%\">Let\u00edcia Adorno Bassan<\/td>\n<td width=\"23%\">Juliana Smetana<\/td>\n<td width=\"12%\">IC<\/td>\n<td width=\"11%\">01\/02\/2013<\/td>\n<td width=\"11%\">31\/07\/2013<\/td>\n<td width=\"2%\"><\/td>\n<\/tr>\n<tr>\n<td width=\"35%\">Lu\u00eds Guilherme Furlan de Abreu<\/td>\n<td width=\"23%\">Camila Caldana<\/td>\n<td width=\"12%\">IC<\/td>\n<td width=\"11%\">01\/08\/2012<\/td>\n<td width=\"11%\">31\/07\/2013<\/td>\n<td width=\"2%\"><\/td>\n<\/tr>\n<tr>\n<td width=\"35%\">Marcos Felipe Gomes Monteiro<\/td>\n<td width=\"23%\">Rodrigo Portugal<\/td>\n<td width=\"12%\">IC<\/td>\n<td width=\"11%\">01\/08\/2012<\/td>\n<td width=\"11%\">31\/07\/2013<\/td>\n<td width=\"2%\"><\/td>\n<\/tr>\n<tr>\n<td width=\"35%\">Mayara Maria Beltani Auricchio<\/td>\n<td width=\"23%\">Christoph Deneke<\/td>\n<td width=\"12%\">IC<\/td>\n<td width=\"11%\">01\/08\/2012<\/td>\n<td width=\"11%\">31\/07\/2013<\/td>\n<td width=\"2%\"><\/td>\n<\/tr>\n<tr>\n<td width=\"35%\">Murilo Izidoro Santos<\/td>\n<td width=\"23%\">Mateus Cardoso<\/td>\n<td width=\"12%\">IC<\/td>\n<td width=\"11%\">01\/08\/2012<\/td>\n<td width=\"11%\">31\/07\/2013<\/td>\n<td width=\"2%\"><\/td>\n<\/tr>\n<tr>\n<td width=\"35%\">Pedro Geraldo Rodrigues Alves<\/td>\n<td width=\"23%\">Marcio Bajgelman<\/td>\n<td width=\"12%\">IC<\/td>\n<td width=\"11%\">01\/08\/2012<\/td>\n<td width=\"11%\">31\/07\/2013<\/td>\n<td width=\"2%\"><\/td>\n<\/tr>\n<tr>\n<td width=\"35%\">Priscila dos Santos Bury<\/td>\n<td width=\"23%\">Marcio Dias<\/td>\n<td width=\"12%\">IC<\/td>\n<td width=\"11%\">01\/08\/2012<\/td>\n<td width=\"11%\">31\/07\/2013<\/td>\n<td width=\"2%\"><\/td>\n<\/tr>\n<tr>\n<td width=\"35%\">Vanesa Peixoto Martins<\/td>\n<td width=\"23%\">M\u00e1rio Murakami<\/td>\n<td width=\"12%\">IC<\/td>\n<td width=\"11%\">01\/02\/2013<\/td>\n<td colspan=\"2\" width=\"15%\">31\/07\/2013<\/td>\n<\/tr>\n<tr>\n<td width=\"35%\">Vinicius de Araujo Barbosa<\/td>\n<td width=\"23%\">Augusta Isaac<\/td>\n<td width=\"12%\">IC<\/td>\n<td width=\"11%\">01\/08\/2012<\/td>\n<td colspan=\"2\" width=\"15%\">31\/07\/2013<\/td>\n<\/tr>\n<tr>\n<td width=\"35%\">T\u00e1bata Renee Doratioto<\/td>\n<td width=\"23%\">Ana Carolina Figueira<\/td>\n<td width=\"12%\">IC<\/td>\n<td width=\"11%\">01\/08\/2012<\/td>\n<td width=\"11%\">31\/07\/2013<\/td>\n<td width=\"2%\"><\/td>\n<\/tr>\n<\/tbody>\n<\/table>\n<h4 style=\"text-align: center;\"><\/h4>\n<hr \/>\n<h4 style=\"text-align: center;\">Calend\u00e1rio<\/h4>\n<ul>\n<li>Inscri\u00e7\u00f5es: <strong>05\/05<\/strong> a <strong><strong>01\/06\/2012<\/strong><\/strong><\/li>\n<li>Divulga\u00e7\u00e3o do resultado do Processo de Sele\u00e7\u00e3o &#8211; Publica\u00e7\u00e3o da Primeira Chamada dos Bolsistas aprovados: <strong><strong>10\/07\/2012<\/strong><\/strong><\/li>\n<li>Assinatura dos Termos de Compromisso pelos Alunos e respectivos Orientadores selecionados em 1\u00aa chamada (ambos dever\u00e3o assinar o Termo) para confirma\u00e7\u00e3o do interesse pela Bolsa: <strong>16\/07<\/strong> a\u00a0<strong><strong>27\/07\/2012<\/strong><\/strong><\/li>\n<li>Recep\u00e7\u00e3o dos bolsistas e in\u00edcio do programa: <strong>01\/08\/2012<\/strong><\/li>\n<\/ul>\n","protected":false},"excerpt":{"rendered":"<p>O Congresso Interno do Programa Institucional de Bolsas de Inicia\u00e7\u00e3o Cient\u00edfica (PIBIC) do Centro Nacional de Pesquisa em Energia e Materiais (CNPEM) foi realizado entre \u00e0s 9:00 e 12:00 horas do dia 2 de julho de 2013 no Audit\u00f3rio do Laborat\u00f3rio Nacional de Luz S\u00edncrotron (LNLS). Entre agosto de 2012 e meados de 2013, 22&hellip;<\/p>\n","protected":false},"author":10,"featured_media":0,"parent":0,"menu_order":0,"comment_status":"closed","ping_status":"closed","template":"","meta":{"footnotes":""},"class_list":["post-1055","page","type-page","status-publish","hentry","description-off"],"_links":{"self":[{"href":"https:\/\/pages.cnpem.br\/pibic\/wp-json\/wp\/v2\/pages\/1055","targetHints":{"allow":["GET"]}}],"collection":[{"href":"https:\/\/pages.cnpem.br\/pibic\/wp-json\/wp\/v2\/pages"}],"about":[{"href":"https:\/\/pages.cnpem.br\/pibic\/wp-json\/wp\/v2\/types\/page"}],"author":[{"embeddable":true,"href":"https:\/\/pages.cnpem.br\/pibic\/wp-json\/wp\/v2\/users\/10"}],"replies":[{"embeddable":true,"href":"https:\/\/pages.cnpem.br\/pibic\/wp-json\/wp\/v2\/comments?post=1055"}],"version-history":[{"count":0,"href":"https:\/\/pages.cnpem.br\/pibic\/wp-json\/wp\/v2\/pages\/1055\/revisions"}],"wp:attachment":[{"href":"https:\/\/pages.cnpem.br\/pibic\/wp-json\/wp\/v2\/media?parent=1055"}],"curies":[{"name":"wp","href":"https:\/\/api.w.org\/{rel}","templated":true}]}}