{"id":1579,"date":"2025-03-24T13:19:07","date_gmt":"2025-03-24T16:19:07","guid":{"rendered":"https:\/\/pages.cnpem.br\/pibic\/?page_id=1579"},"modified":"2025-03-24T13:29:45","modified_gmt":"2025-03-24T16:29:45","slug":"pibic-2024-2025","status":"publish","type":"page","link":"https:\/\/pages.cnpem.br\/pibic\/pibic-2024-2025\/","title":{"rendered":"PIBIC 2024\/2025"},"content":{"rendered":"<div class=\"wpb-content-wrapper\"><p>[vc_row][vc_column][vc_column_text css=&#8221;&#8221;]Classifica\u00e7\u00e3o geral dos estudantes selecionados para o PIBIC 2024\/2025<\/p>\n<table width=\"595\">\n<tbody>\n<tr>\n<td width=\"64\">\u00a0<\/td>\n<td width=\"269\"><strong>Classifica\u00e7\u00e3o Geral<\/strong><\/td>\n<td width=\"85\"><strong>LN<\/strong><\/td>\n<td width=\"177\"><strong>Orientador<\/strong><\/td>\n<\/tr>\n<tr>\n<td width=\"64\"><strong>1<\/strong><\/td>\n<td width=\"269\">Camila Desiderio Fernandes<\/td>\n<td width=\"85\">ILUM<\/td>\n<td width=\"177\">Leandro Silva<\/td>\n<\/tr>\n<tr>\n<td width=\"64\"><strong>2<\/strong><\/td>\n<td width=\"269\">Livia Cristina Anziotto Silva<\/td>\n<td width=\"85\">LNBio<\/td>\n<td width=\"177\">Marcio Bajgelman<\/td>\n<\/tr>\n<tr>\n<td width=\"64\"><strong>3<\/strong><\/td>\n<td width=\"269\">Grasiela de Almeida Campos<\/td>\n<td width=\"85\">LNBR<\/td>\n<td width=\"177\">Jo\u00e3o Heitor Manfr\u00e3o Netto<\/td>\n<\/tr>\n<tr>\n<td width=\"64\"><strong>4<\/strong><\/td>\n<td width=\"269\">Mauri Pereira dos Santos J\u00fanior<\/td>\n<td width=\"85\">LNNano<\/td>\n<td width=\"177\">Gabriel Schleder<\/td>\n<\/tr>\n<tr>\n<td width=\"64\"><strong>5<\/strong><\/td>\n<td width=\"269\">Raul Augusto Pereira<\/td>\n<td width=\"85\">LNLS<\/td>\n<td width=\"177\">Raul Pereira<\/td>\n<\/tr>\n<tr>\n<td width=\"64\"><strong>6<\/strong><\/td>\n<td width=\"269\">Mayllon Emmanoel Pequeno Santos Silva<\/td>\n<td width=\"85\">ILUM<\/td>\n<td width=\"177\">Leandro Lemos<\/td>\n<\/tr>\n<tr>\n<td width=\"64\"><strong>7<\/strong><\/td>\n<td width=\"269\">Beatriz Rebeca Rodrigues Moreira<\/td>\n<td width=\"85\">LNBio<\/td>\n<td width=\"177\">Paulo Boratto<\/td>\n<\/tr>\n<tr>\n<td width=\"64\"><strong>8<\/strong><\/td>\n<td width=\"269\">Ana Julia Addolorata Minguine<\/td>\n<td width=\"85\">LNBR<\/td>\n<td width=\"177\">Wesley Generoso<\/td>\n<\/tr>\n<\/tbody>\n<\/table>\n<p>&nbsp;<\/p>\n<table width=\"595\">\n<tbody>\n<tr>\n<td width=\"64\">\u00a0<\/td>\n<td width=\"269\"><strong>Lista de espera<\/strong><\/td>\n<td width=\"85\">\u00a0<\/td>\n<td width=\"177\">\u00a0<\/td>\n<\/tr>\n<tr>\n<td width=\"64\"><strong>1<\/strong><\/td>\n<td width=\"269\">Nickolas Tomi Kamijo Barbosa de Jesus<\/td>\n<td width=\"85\">LNNano<\/td>\n<td width=\"177\">Rafael Oliveira<\/td>\n<\/tr>\n<tr>\n<td width=\"64\"><strong>2<\/strong><\/td>\n<td width=\"269\">Lucas Duarte Rocha de Oliveira<\/td>\n<td width=\"85\">LNLS<\/td>\n<td width=\"177\">Rodrigo Szostak<\/td>\n<\/tr>\n<tr>\n<td width=\"64\"><strong>3<\/strong><\/td>\n<td width=\"269\">Anelise Gon\u00e7alves Silva<\/td>\n<td width=\"85\">ILUM<\/td>\n<td width=\"177\">Valeria Marangoni<\/td>\n<\/tr>\n<tr>\n<td width=\"64\"><strong>4<\/strong><\/td>\n<td width=\"269\">Nicolas Vasconcellos de Medeiros<\/td>\n<td width=\"85\">LNBio<\/td>\n<td width=\"177\">Talita Hanchuk<\/td>\n<\/tr>\n<tr>\n<td width=\"64\"><strong>5<\/strong><\/td>\n<td width=\"269\">Maria Fernanda Carvalhal Perrotta<\/td>\n<td width=\"85\">LNBR<\/td>\n<td width=\"177\">Fernanda Kashiwagi<\/td>\n<\/tr>\n<tr>\n<td width=\"64\"><strong>6<\/strong><\/td>\n<td width=\"269\">Giovani Garcia de Souza<\/td>\n<td width=\"85\">LNNano<\/td>\n<td width=\"177\">Elisa Ferreira<\/td>\n<\/tr>\n<tr>\n<td width=\"64\"><strong>7<\/strong><\/td>\n<td width=\"269\">Davi Granato Brasileiro<\/td>\n<td width=\"85\">LNLS<\/td>\n<td width=\"177\">Lindomar Albuquerque<\/td>\n<\/tr>\n<tr>\n<td width=\"64\"><strong>8<\/strong><\/td>\n<td width=\"269\">L\u00cdVIA HAIBARA FUMEGA<\/td>\n<td width=\"85\">ILUM<\/td>\n<td width=\"177\">IVIA MINELLI<\/td>\n<\/tr>\n<tr>\n<td width=\"64\"><strong>9<\/strong><\/td>\n<td width=\"269\">Beatriz Helena do Ros\u00e1rio<\/td>\n<td width=\"85\">LNBio<\/td>\n<td width=\"177\">Renata Tavares<\/td>\n<\/tr>\n<tr>\n<td width=\"64\"><strong>10<\/strong><\/td>\n<td width=\"269\">Emiliani Sena Araujo Reis<\/td>\n<td width=\"85\">LNBR<\/td>\n<td width=\"177\">C\u00e9lio Oliveira<\/td>\n<\/tr>\n<tr>\n<td width=\"64\"><strong>11<\/strong><\/td>\n<td width=\"269\">Natalia Diniz<\/td>\n<td width=\"85\">LNLS<\/td>\n<td width=\"177\">Itamar Neckel<\/td>\n<\/tr>\n<tr>\n<td width=\"64\"><strong>12<\/strong><\/td>\n<td width=\"269\">\u00cdCARO CHIABAI<\/td>\n<td width=\"85\">LNBio<\/td>\n<td width=\"177\">HELDER RIBEIRO FILHO<\/td>\n<\/tr>\n<tr>\n<td width=\"64\"><strong>13<\/strong><\/td>\n<td width=\"269\">S\u00e9rgio Servilha de Oliveira Filho<\/td>\n<td width=\"85\">LNBR<\/td>\n<td width=\"177\">Mait\u00ea dos Santos<\/td>\n<\/tr>\n<tr>\n<td width=\"64\"><strong>14<\/strong><\/td>\n<td width=\"269\">Gustavo Boff<\/td>\n<td width=\"85\">LNLS<\/td>\n<td width=\"177\">Evandro de Araujo<\/td>\n<\/tr>\n<tr>\n<td width=\"64\"><strong>15<\/strong><\/td>\n<td width=\"269\">Ana Clara Passos Pinese<\/td>\n<td width=\"85\">LNBio<\/td>\n<td width=\"177\">Guilherme Tamarindo<\/td>\n<\/tr>\n<tr>\n<td width=\"64\"><strong>16<\/strong><\/td>\n<td width=\"269\">Giovanna Cantu\u00e1ria Benedito<\/td>\n<td width=\"85\">LNLS<\/td>\n<td width=\"177\">Raphaela Gon\u00e7alves<\/td>\n<\/tr>\n<tr>\n<td width=\"64\"><strong>17<\/strong><\/td>\n<td width=\"269\">Jo\u00e3o Marcelo Francisco Fel\u00edcio<\/td>\n<td width=\"85\">LNBio<\/td>\n<td width=\"177\">Ivan Rosa e Silva<\/td>\n<\/tr>\n<tr>\n<td width=\"64\"><strong>18<\/strong><\/td>\n<td width=\"269\">Adriana Cordeiro Ramalho Leal<\/td>\n<td width=\"85\">LNLS<\/td>\n<td width=\"177\">Ingrid Barcelos<\/td>\n<\/tr>\n<tr>\n<td width=\"64\"><strong>19<\/strong><\/td>\n<td width=\"269\">Jo\u00e3o Victor de Oliveira Murer<\/td>\n<td width=\"85\">LNBio<\/td>\n<td width=\"177\">Samuel Guimar\u00e3es<\/td>\n<\/tr>\n<tr>\n<td width=\"64\"><strong>20<\/strong><\/td>\n<td width=\"269\">Luisa de Melo Carneiro<\/td>\n<td width=\"85\">LNLS<\/td>\n<td width=\"177\">Everton de Oliveira<\/td>\n<\/tr>\n<tr>\n<td width=\"64\"><strong>21<\/strong><\/td>\n<td width=\"269\">B\u00e1rbara Zanette Cipriano<\/td>\n<td width=\"85\">LNBio<\/td>\n<td width=\"177\">Eduardo Bezerra<\/td>\n<\/tr>\n<tr>\n<td width=\"64\"><strong>22<\/strong><\/td>\n<td width=\"269\">Vitor Fernandes Dos Reis<\/td>\n<td width=\"85\">LNLS<\/td>\n<td width=\"177\">Talita Ferreira<\/td>\n<\/tr>\n<tr>\n<td width=\"64\"><strong>23<\/strong><\/td>\n<td width=\"269\">Bianca Dartes Pereira<\/td>\n<td width=\"85\">LNBio<\/td>\n<td width=\"177\">Silvana Rocco<\/td>\n<\/tr>\n<\/tbody>\n<\/table>\n<p>[\/vc_column_text][\/vc_column][\/vc_row][vc_row][vc_column][vc_column_text css=&#8221;&#8221;]<\/p>\n<p>[vc_column_text css=&#8221;&#8221;]<\/p>\n<h4>Livro de Resumos 2024\/2025 (em breve)<\/h4>\n<p>[\/vc_column_text]<\/p>\n<p>&nbsp;<\/p>\n<p>[\/vc_column_text][vc_column_text css=&#8221;&#8221;]<\/p>\n<h4><strong>LNLS<\/strong><\/h4>\n<p>1 &#8211; <a href=\"http:\/\/pages.cnpem.br\/pibic\/wp-content\/uploads\/sites\/52\/2024\/05\/Acompanhando-os-estagios-iniciais-da-degradacao-de-perovskitas-hibridas-para-celulas-solares-utilizando-pticografia.pdf\" target=\"_blank\" rel=\"noopener\">Acompanhando os est\u00e1gios iniciais da degrada\u00e7\u00e3o de perovskitas hibridas para c\u00e9lulas solares utilizando pticografia de raios X<\/a><\/p>\n<p>2 &#8211; <a href=\"http:\/\/pages.cnpem.br\/pibic\/wp-content\/uploads\/sites\/52\/2024\/05\/Avaliacao-de-protocolos-de-segmentacao-de-imagens-de-microtomografia-de-raios-X-via-machine-learning-e-deep-learning-para-av.pdf\" target=\"_blank\" rel=\"noopener\">Avalia\u00e7\u00e3o de protocolos de segmenta\u00e7\u00e3o de imagens de microtomografia de raios-X via machine learning e deep-learning para avalia\u00e7\u00e3o 4D do comportamento de microesferas de fosfatos de c\u00e1lcio em presen\u00e7a de fluidos simulando um processo inflamat\u00f3rio<\/a><\/p>\n<p>3 &#8211; <a href=\"http:\/\/pages.cnpem.br\/pibic\/wp-content\/uploads\/sites\/52\/2024\/05\/Cristalografia-de-proteinas-em-condicoes-de-temperatura-ambiente-explorando-os-beneficios-da-coleta-de-dados-em-alta.pdf\" target=\"_blank\" rel=\"noopener\">Cristalografia de prote\u00ednas em condi\u00e7\u00f5es de temperatura ambiente: explorando os benef\u00edcios da coleta de dados em altas energias<\/a><\/p>\n<p>4 &#8211; <a href=\"http:\/\/pages.cnpem.br\/pibic\/wp-content\/uploads\/sites\/52\/2024\/05\/Desenvolvimento-de-experimentos-com-biomoleculas-para-medidas-de-dicroismo-circular-na-linha-de-luz-CEDRO.pdf\" target=\"_blank\" rel=\"noopener\">Desenvolvimento de experimentos com biomol\u00e9culas para medidas de dicro\u00edsmo circular na linha de luz CEDRO<\/a><\/p>\n<p>5 &#8211; <a href=\"http:\/\/pages.cnpem.br\/pibic\/wp-content\/uploads\/sites\/52\/2024\/05\/Desvendando-as-propriedades-dieletricas-da-agua-nanoconfinada-em-minerais-lamelares-por-modelagem-de-tecnicas-avancadas-de-n.pdf\" target=\"_blank\" rel=\"noopener\">Desvendando as propriedades diel\u00e9tricas da \u00e1gua nanoconfinada em minerais lamelares por modelagem de t\u00e9cnicas avan\u00e7adas de nanossondas<\/a><\/p>\n<p>6 &#8211; <a href=\"http:\/\/pages.cnpem.br\/pibic\/wp-content\/uploads\/sites\/52\/2024\/05\/Engenharia-de-Defeitos-em-Materiais-Bidimensionais.pdf\" target=\"_blank\" rel=\"noopener\">Engenharia de Defeitos em Materiais Bidimensionais<\/a><\/p>\n<p>7 &#8211; <a href=\"http:\/\/pages.cnpem.br\/pibic\/wp-content\/uploads\/sites\/52\/2024\/05\/Experimentos-in-situ-de-materiais-funcionais-na-linha-Paineira-do-Sirius-instrumentacao-e-caso-cientifico.pdf\" target=\"_blank\" rel=\"noopener\">Experimentos in-situ de materiais funcionais na linha Paineira do Sirius: instrumenta\u00e7\u00e3o e caso cient\u00edfico<\/a><\/p>\n<p>8 &#8211; <a href=\"http:\/\/pages.cnpem.br\/pibic\/wp-content\/uploads\/sites\/52\/2024\/05\/Gravacao-termica-de-dispositivos-microfluidicos-para-aplicacao-em-experimentos-in-situ-na-linha-de-luz-Carnauba-Sirius.pdf\" target=\"_blank\" rel=\"noopener\">Grava\u00e7\u00e3o t\u00e9rmica de dispositivos microflu\u00eddicos para aplica\u00e7\u00e3o em experimentos in situ na linha de luz Carna\u00faba\/Sirius<\/a><\/p>\n<p>9 &#8211; <a href=\"http:\/\/pages.cnpem.br\/pibic\/wp-content\/uploads\/sites\/52\/2024\/05\/TOMOGRAFIA-DE-ALTA-RESOLUCAO-E-RMN-APLICADA-NO-ESTUDO-DE-MATERIAIS-POROSOS.pdf\" target=\"_blank\" rel=\"noopener\">TOMOGRAFIA DE ALTA RESOLU\u00c7\u00c3O E RMN APLICADA NO ESTUDO DE MATERIAIS POROSOS<\/a><\/p>\n<p>10 &#8211; <a href=\"http:\/\/pages.cnpem.br\/pibic\/wp-content\/uploads\/sites\/52\/2024\/05\/Tomografia-de-raios-X-in-vivo-minimizando-os-efeitos-de-dose-de-radiacao-no-crescimento-de-raizes-em-solo.pdf\" target=\"_blank\" rel=\"noopener\">Tomografia de raios X in-vivo: minimizando os efeitos de dose de radia\u00e7\u00e3o no crescimento de ra\u00edzes em solo<\/a><\/p>\n<p>11 &#8211; <a href=\"http:\/\/pages.cnpem.br\/pibic\/wp-content\/uploads\/sites\/52\/2024\/05\/Utilizando-raios-X-para-estudar-a-estrutura-eletronica-de-materiais-magneticos.pdf\" target=\"_blank\" rel=\"noopener\">Utilizando raios X para estudar a estrutura eletr\u00f4nica de materiais magn\u00e9ticos<\/a><\/p>\n<p>&nbsp;<\/p>\n<h4><strong>LNBio<\/strong><\/h4>\n<p>12 &#8211; <a href=\"http:\/\/pages.cnpem.br\/pibic\/wp-content\/uploads\/sites\/52\/2024\/05\/Caracterizacao-estrutural-da-Nucleoproteina-do-virus-Sabia.pdf\" target=\"_blank\" rel=\"noopener\">Caracteriza\u00e7\u00e3o estrutural da Nucleoprote\u00edna do v\u00edrus Sabi\u00e1<\/a><\/p>\n<p>13 &#8211; <a href=\"http:\/\/pages.cnpem.br\/pibic\/wp-content\/uploads\/sites\/52\/2024\/05\/Desenvolvimento-de-modelo-preditor-da-interacao-entre-receptores-de-celulas-T-e-antigenos-utilizando-inteligencia-artificia.pdf\" target=\"_blank\" rel=\"noopener\">Desenvolvimento de modelo preditor da intera\u00e7\u00e3o entre receptores de c\u00e9lulas T e ant\u00edgenos utilizando intelig\u00eancia artificial<\/a><\/p>\n<p>14 &#8211; <a href=\"http:\/\/pages.cnpem.br\/pibic\/wp-content\/uploads\/sites\/52\/2024\/05\/Desenvolvimento-de-plataforma-de-estudo-in-vitro-de-metastase-cerebral-de-celulas-tumorais-de-mama.pdf\" target=\"_blank\" rel=\"noopener\">Desenvolvimento de plataforma de estudo in vitro de met\u00e1stase cerebral de c\u00e9lulas tumorais de mama<\/a><\/p>\n<p>15 &#8211; <a href=\"http:\/\/pages.cnpem.br\/pibic\/wp-content\/uploads\/sites\/52\/2024\/05\/Desenvolvimento-de-uma-nova-estrategia-de-imunizacao-para-geracao-de-anticorpos-baseada-na-utilizacao-de-virus-like-particl.pdf\" target=\"_blank\" rel=\"noopener\">Desenvolvimento de uma nova estrat\u00e9gia de imuniza\u00e7\u00e3o para gera\u00e7\u00e3o de anticorpos baseada na utiliza\u00e7\u00e3o de virus-like particles<\/a><\/p>\n<p>16 &#8211; <a href=\"http:\/\/pages.cnpem.br\/pibic\/wp-content\/uploads\/sites\/52\/2024\/05\/Desenvolvimento-direcionado-de-potenciais-inibidores-da-enzima-adenosina-quinase-AK-Sintese-de-derivados-de-quinazolinas.pdf\" target=\"_blank\" rel=\"noopener\">Desenvolvimento direcionado de potenciais inibidores da enzima adenosina quinase (AK): S\u00edntese de derivados de quinazolinas<\/a><\/p>\n<p>17 &#8211; <a href=\"http:\/\/pages.cnpem.br\/pibic\/wp-content\/uploads\/sites\/52\/2024\/05\/Estudo-da-comunicacao-celular-em-amebas-da-especie-Acanthamoeba-castellanii-em-resposta-a-infeccao-por-virus-gigantes.pdf\" target=\"_blank\" rel=\"noopener\">Estudo da comunica\u00e7\u00e3o celular em amebas da esp\u00e9cie Acanthamoeba castellanii em resposta \u00e0 infec\u00e7\u00e3o por v\u00edrus gigantes<\/a><\/p>\n<p>18 &#8211; <a href=\"http:\/\/pages.cnpem.br\/pibic\/wp-content\/uploads\/sites\/52\/2024\/05\/Existem-funcoes-enzimaticas-desconhecidas-na-prM-de-virus-emergentes.pdf\" target=\"_blank\" rel=\"noopener\">Existem fun\u00e7\u00f5es enzim\u00e1ticas desconhecidas na prM de v\u00edrus emergentes?<\/a><\/p>\n<p>19 &#8211; <a href=\"http:\/\/pages.cnpem.br\/pibic\/wp-content\/uploads\/sites\/52\/2024\/05\/Explorando-a-Interface-Virus-Celula-Validacao-de-Interacoes-entre-Proteinas-do-Virus-Rocio-e-de-Celulas-Hospedeiras.pdf\" target=\"_blank\" rel=\"noopener\">Explorando a Interface V\u00edrus-C\u00e9lula: Valida\u00e7\u00e3o de Intera\u00e7\u00f5es entre Prote\u00ednas do V\u00edrus Rocio e de C\u00e9lulas Hospedeiras<\/a><\/p>\n<p>20 &#8211; <a href=\"http:\/\/pages.cnpem.br\/pibic\/wp-content\/uploads\/sites\/52\/2024\/05\/PRODUCAO-ENDOGENA-DE-PIGMENTOS-EM-ESCHERICHIA-COLI-PARA-FOTOTROPISMO.pdf\" target=\"_blank\" rel=\"noopener\">PRODU\u00c7\u00c3O END\u00d3GENA DE PIGMENTOS EM ESCHERICHIA COLI PARA FOTOTROPISMO<\/a><\/p>\n<p>21 &#8211; <a href=\"http:\/\/pages.cnpem.br\/pibic\/wp-content\/uploads\/sites\/52\/2024\/05\/Triagem-de-moduladores-da-separacao-de-fase-liquido-liquido-da-proteina-DDX3X-associada-a-doencas-de-neurodesenvolvimento.pdf\" target=\"_blank\" rel=\"noopener\">Triagem de moduladores da separa\u00e7\u00e3o de fase l\u00edquido-l\u00edquido da prote\u00edna DDX3X associada a doen\u00e7as de neurodesenvolvimento<\/a><\/p>\n<p>38 &#8211; <a href=\"http:\/\/pages.cnpem.br\/pibic\/wp-content\/uploads\/sites\/52\/2024\/05\/Papel-de-GLS2-no-microambiente-de-cancer-de-mama-1.pdf\" target=\"_blank\" rel=\"noopener\">Papel de GLS2 no microambiente de c\u00e2ncer de mama<\/a><\/p>\n<p>&nbsp;<\/p>\n<h4><strong>LNBR<\/strong><\/h4>\n<p>22 &#8211; <a href=\"http:\/\/pages.cnpem.br\/pibic\/wp-content\/uploads\/sites\/52\/2024\/05\/Desenvolvimento-de-metodologia-de-analise-multivariada-de-dados-para-resolver-desafios-de-dados-relacionados-ao-desenvolvime.pdf\" target=\"_blank\" rel=\"noopener\">Desenvolvimento de metodologia de an\u00e1lise multivariada de dados para resolver desafios de dados relacionados ao desenvolvimento de bioprocessos e aplica\u00e7\u00e3o em aprendizado de m\u00e1quina<\/a><\/p>\n<p>23 &#8211; <a href=\"http:\/\/pages.cnpem.br\/pibic\/wp-content\/uploads\/sites\/52\/2024\/05\/Desenvolvimento-de-uma-rota-metabolica-alternativa-para-producao-de-olefinas-a-partir-de-glicerol-em-Saccharomyces-cerevisia.pdf\" target=\"_blank\" rel=\"noopener\">Desenvolvimento de uma rota metab\u00f3lica alternativa para produ\u00e7\u00e3o de olefinas a partir de glicerol em Saccharomyces cerevisiae<\/a><\/p>\n<p>24 &#8211; <a href=\"http:\/\/pages.cnpem.br\/pibic\/wp-content\/uploads\/sites\/52\/2024\/05\/Estudo-mecanistico-e-estrutural-de-esterases-ativas-em-carboidratos.pdf\" target=\"_blank\" rel=\"noopener\">Estudo mecan\u00edstico e estrutural de esterases ativas em carboidratos<\/a><\/p>\n<p>25 &#8211; <a href=\"http:\/\/pages.cnpem.br\/pibic\/wp-content\/uploads\/sites\/52\/2024\/05\/Exploiting-the-genetic-potential-of-yeasts-prospected-from-Brazilian-Biodiversity.pdf\" target=\"_blank\" rel=\"noopener\">Exploiting the genetic potential of yeasts prospected from Brazilian Biodiversity<\/a><\/p>\n<p>26 &#8211; <a href=\"http:\/\/pages.cnpem.br\/pibic\/wp-content\/uploads\/sites\/52\/2024\/05\/Modulacao-redox-de-descarboxilases-produtoras-de-quimicos-renovaveis.pdf\" target=\"_blank\" rel=\"noopener\">Modula\u00e7\u00e3o redox de descarboxilases produtoras de qu\u00edmicos renov\u00e1veis<\/a><\/p>\n<p>27 &#8211; <a href=\"http:\/\/pages.cnpem.br\/pibic\/wp-content\/uploads\/sites\/52\/2024\/05\/Prospeccao-de-bacterias-com-potencial-para-metabolizar-compostos-aromaticos-derivados-da-lignina.pdf\" target=\"_blank\" rel=\"noopener\">Prospec\u00e7\u00e3o de bact\u00e9rias com potencial para metabolizar compostos arom\u00e1ticos derivados da lignina<\/a><\/p>\n<p>28 &#8211; <a href=\"http:\/\/pages.cnpem.br\/pibic\/wp-content\/uploads\/sites\/52\/2024\/05\/Uso-da-tomografia-baseada-em-luz-sincrotron-para-decifrar-o-papel-da-arquitetura-de-poros-na-protecao-fisica-do-carbono-em-t.pdf\" target=\"_blank\" rel=\"noopener\">Uso da tomografia baseada em luz s\u00edncrotron para decifrar o papel da arquitetura de poros na prote\u00e7\u00e3o f\u00edsica do carbono em tecnossolos tropicais<\/a><\/p>\n<p>&nbsp;<\/p>\n<h4><strong>LNNano<\/strong><\/h4>\n<p>29 &#8211; <a href=\"http:\/\/pages.cnpem.br\/pibic\/wp-content\/uploads\/sites\/52\/2024\/05\/Desenvolvimento-de-espumas-aquosas-de-nanoceluloses-com-alta-estabilidade.pdf\" target=\"_blank\" rel=\"noopener\">Desenvolvimento de espumas aquosas de nanoceluloses com alta estabilidade<\/a><\/p>\n<p>30 &#8211; <a href=\"http:\/\/pages.cnpem.br\/pibic\/wp-content\/uploads\/sites\/52\/2024\/05\/Desenvolvimento-de-Transistores-de-Filmes-Ultrafinos-para-Sinapse-Artificial.pdf\" target=\"_blank\" rel=\"noopener\">Desenvolvimento de Transistores de Filmes Ultrafinos para Sinapse Artificial<\/a><\/p>\n<p>31 &#8211; <a href=\"http:\/\/pages.cnpem.br\/pibic\/wp-content\/uploads\/sites\/52\/2024\/05\/Estudo-de-Moleculas-Isoladas-em-Superficies-Cristalinas-por-Microscopia-e-Espectroscopia-de-Tunelamento-em-Baixas-Temperat.pdf\" target=\"_blank\" rel=\"noopener\">Estudo de Mol\u00e9culas Isoladas em Superf\u00edcies Cristalinas por Microscopia e Espectroscopia de Tunelamento em Baixas Temperaturas<\/a><\/p>\n<p>32 &#8211; <a href=\"http:\/\/pages.cnpem.br\/pibic\/wp-content\/uploads\/sites\/52\/2024\/05\/Inteligencia-Artificial-aplicada-a-Simulacoes-Dinamicas-de-Nanomateriais.pdf\" target=\"_blank\" rel=\"noopener\">Intelig\u00eancia Artificial aplicada \u00e0 Simula\u00e7\u00f5es Din\u00e2micas de Nanomateriais<\/a><\/p>\n<p>33 &#8211; <a href=\"http:\/\/pages.cnpem.br\/pibic\/wp-content\/uploads\/sites\/52\/2024\/05\/Nanoparticulas-Core-Shell-Ag@Au-suportadas-em-Oxido-de-Grafeno-interacao-com-proteinas-plasmaticas-e-toxicidade-em-hemacia.pdf\" target=\"_blank\" rel=\"noopener\">Nanopart\u00edculas Core-Shell Ag@Au suportadas em \u00d3xido de Grafeno: intera\u00e7\u00e3o com prote\u00ednas plasm\u00e1ticas e toxicidade em hem\u00e1cias<\/a><\/p>\n<p>&nbsp;<\/p>\n<h4><strong>ILUM<\/strong><\/h4>\n<p>34 &#8211; <a href=\"http:\/\/pages.cnpem.br\/pibic\/wp-content\/uploads\/sites\/52\/2024\/05\/Microscopia-de-varredura-por-sonda-aprimorada-por-funcionalizacao-de-superficie.pdf\" target=\"_blank\" rel=\"noopener\">Microscopia de varredura por sonda aprimorada por funcionaliza\u00e7\u00e3o de superf\u00edcie<\/a><\/p>\n<p>35 &#8211; <a href=\"http:\/\/pages.cnpem.br\/pibic\/wp-content\/uploads\/sites\/52\/2024\/06\/O-arquivo-fotografico-na-era-digital-debate-entre-memoria-comunicacao-e-meio-ambiente-a-partir-do-olhar-de-Marc-Fer_v2.pdf\" target=\"_blank\" rel=\"noopener\">O arquivo fotogr\u00e1fico na era digital: debate entre mem\u00f3ria, comunica\u00e7\u00e3o e meio ambiente a partir do olhar de Marc Ferrez e Gilberto Ferrez<\/a><\/p>\n<p>36 &#8211; <a href=\"http:\/\/pages.cnpem.br\/pibic\/wp-content\/uploads\/sites\/52\/2024\/05\/Sintese-de-nanoestruturas-plasmonicas-anisotropicas-suportadas-em-materiais-2D.pdf\" target=\"_blank\" rel=\"noopener\">S\u00edntese de nanoestruturas plasm\u00f4nicas anisotr\u00f3picas suportadas em materiais 2D<\/a><\/p>\n<p>37 &#8211; <a href=\"http:\/\/pages.cnpem.br\/pibic\/wp-content\/uploads\/sites\/52\/2024\/05\/Vigilancia-metagenomica-a-resistencia-bacteriana-em-bovinos-da-regiao-tropical.pdf\" target=\"_blank\" rel=\"noopener\">Vigil\u00e2ncia metagen\u00f4mica \u00e0 resist\u00eancia bacteriana em bovinos da regi\u00e3o tropical<\/a><\/p>\n<p>[\/vc_column_text][\/vc_column][\/vc_row]<\/p>\n<\/div>","protected":false},"excerpt":{"rendered":"<p>[vc_row][vc_column][vc_column_text css=&#8221;&#8221;]Classifica\u00e7\u00e3o geral dos estudantes selecionados para o PIBIC 2024\/2025 \u00a0 Classifica\u00e7\u00e3o Geral LN Orientador 1 Camila Desiderio Fernandes ILUM Leandro Silva 2 Livia Cristina Anziotto Silva LNBio Marcio Bajgelman 3 Grasiela de Almeida Campos LNBR Jo\u00e3o Heitor Manfr\u00e3o Netto 4 Mauri Pereira dos Santos J\u00fanior LNNano Gabriel Schleder 5 Raul Augusto Pereira LNLS Raul&hellip;<\/p>\n","protected":false},"author":10,"featured_media":0,"parent":0,"menu_order":0,"comment_status":"closed","ping_status":"closed","template":"","meta":{"footnotes":""},"class_list":["post-1579","page","type-page","status-publish","hentry","description-off"],"_links":{"self":[{"href":"https:\/\/pages.cnpem.br\/pibic\/wp-json\/wp\/v2\/pages\/1579","targetHints":{"allow":["GET"]}}],"collection":[{"href":"https:\/\/pages.cnpem.br\/pibic\/wp-json\/wp\/v2\/pages"}],"about":[{"href":"https:\/\/pages.cnpem.br\/pibic\/wp-json\/wp\/v2\/types\/page"}],"author":[{"embeddable":true,"href":"https:\/\/pages.cnpem.br\/pibic\/wp-json\/wp\/v2\/users\/10"}],"replies":[{"embeddable":true,"href":"https:\/\/pages.cnpem.br\/pibic\/wp-json\/wp\/v2\/comments?post=1579"}],"version-history":[{"count":0,"href":"https:\/\/pages.cnpem.br\/pibic\/wp-json\/wp\/v2\/pages\/1579\/revisions"}],"wp:attachment":[{"href":"https:\/\/pages.cnpem.br\/pibic\/wp-json\/wp\/v2\/media?parent=1579"}],"curies":[{"name":"wp","href":"https:\/\/api.w.org\/{rel}","templated":true}]}}