{"id":580,"date":"2015-09-03T12:13:12","date_gmt":"2015-09-03T15:13:12","guid":{"rendered":"http:\/\/pages.cnpem.br\/pue\/?page_id=580"},"modified":"2025-08-27T11:13:00","modified_gmt":"2025-08-27T14:13:00","slug":"estagios-nivel-tecnico","status":"publish","type":"page","link":"https:\/\/pages.cnpem.br\/pue\/estagios-nivel-tecnico\/","title":{"rendered":"Est\u00e1gios n\u00edvel T\u00e9cnico"},"content":{"rendered":"<div class=\"wpb-content-wrapper\"><p>[vc_row type=&#8221;vc_default&#8221;][vc_column][vc_toggle title=&#8221;TEC 1 &#8211; ELETR\u00d4NICA e ELETROELETR\u00d4NICA E MECATR\u00d4NICA&#8221; color=&#8221;violet&#8221; size=&#8221;lg&#8221; custom_font_container=&#8221;tag:h4|text_align:justify|color:%238652a1&#8243; custom_google_fonts=&#8221;font_family:Roboto%3A100%2C100italic%2C300%2C300italic%2Cregular%2Citalic%2C500%2C500italic%2C700%2C700italic%2C900%2C900italic|font_style:500%20bold%20regular%3A500%3Anormal&#8221; css=&#8221;&#8221; use_custom_heading=&#8221;true&#8221;]<\/p>\n<div class=\"ewa-rteLine\">As atividades dessa TEC envolvem apoio \u00e0s equipes na montagem, valida\u00e7\u00e3o e manuten\u00e7\u00e3o de circuitos e equipamentos eletr\u00f4nicos, execu\u00e7\u00e3o de testes, corre\u00e7\u00f5es de falhas, acompanhamento de instala\u00e7\u00f5es em esta\u00e7\u00f5es experimentais e laborat\u00f3rios e participa\u00e7\u00e3o em projetos que podem abranger eletr\u00f4nica anal\u00f3gica, digital, microcontroladores, design e fabrica\u00e7\u00e3o de placas de circuito impresso e CLPs para automa\u00e7\u00e3o, al\u00e9m de trabalhar com documenta\u00e7\u00e3o t\u00e9cnica. O estagi\u00e1rio poder\u00e1 tamb\u00e9m atuar no apoio \u00e0 implanta\u00e7\u00e3o do sistema de monitoramento do campus, auxiliar na opera\u00e7\u00e3o e manuten\u00e7\u00e3o dos sistemas de automa\u00e7\u00e3o, dar suporte no uso dessas ferramentas e contribuir para a migra\u00e7\u00e3o de sistemas para plataformas modernas, desenvolvendo experi\u00eancia pr\u00e1tica em automa\u00e7\u00e3o e integra\u00e7\u00e3o tecnol\u00f3gica.<\/div>\n<p>[\/vc_toggle][vc_column_text css=&#8221;&#8221;]<strong>Cursando <\/strong><strong>T\u00e9cnico em: <\/strong>Eletr\u00f4nica, Eletroeletr\u00f4nica, Telecomunica\u00e7\u00f5es, Mecatr\u00f4nica e Automa\u00e7\u00e3o.[\/vc_column_text][vc_separator color=&#8221;violet&#8221;][\/vc_column][\/vc_row][vc_row type=&#8221;vc_default&#8221;][vc_column][vc_toggle title=&#8221;TEC 2 &#8211; MECATR\u00d4NICA e MEC\u00c2NICA&#8221; color=&#8221;violet&#8221; size=&#8221;lg&#8221; custom_font_container=&#8221;tag:h4|text_align:justify|color:%238652a1&#8243; custom_google_fonts=&#8221;font_family:Roboto%3A100%2C100italic%2C300%2C300italic%2Cregular%2Citalic%2C500%2C500italic%2C700%2C700italic%2C900%2C900italic|font_style:500%20bold%20regular%3A500%3Anormal&#8221; css=&#8221;&#8221; use_custom_heading=&#8221;true&#8221;]<\/p>\n<div class=\"ewa-rteLine\">\n<div class=\"ewa-rteLine\">As atividades dessa TEC envolvem aux\u00edlio \u00e0s equipes em atividades de montagens, manuten\u00e7\u00f5es e testes em sistemas mec\u00e2nicos, sistemas de v\u00e1cuo e ultra-alto-v\u00e1cuo, desenhos de pe\u00e7as 2D e 3D em CAD para fabrica\u00e7\u00e3o e projetos para sistemas mec\u00e2nicos, mecatr\u00f4nicos e de componentes que operam em ambiente criog\u00eanico ou de v\u00e1cuo.<\/div>\n<\/div>\n<p>[\/vc_toggle][vc_column_text css=&#8221;&#8221;]<strong>Cursando <\/strong><strong>T\u00e9cnico em: <\/strong>Mec\u00e2nica, Mecatr\u00f4nica, Automa\u00e7\u00e3o, Fabrica\u00e7\u00e3o Mec\u00e2nica, Usinagem.[\/vc_column_text][vc_separator color=&#8221;violet&#8221;][\/vc_column][\/vc_row][vc_row type=&#8221;vc_default&#8221;][vc_column][vc_toggle title=&#8221;TEC 3 &#8211; METROLOGIA&#8221; color=&#8221;violet&#8221; size=&#8221;lg&#8221; custom_font_container=&#8221;tag:h4|text_align:justify|color:%238652a1&#8243; custom_google_fonts=&#8221;font_family:Roboto%3A100%2C100italic%2C300%2C300italic%2Cregular%2Citalic%2C500%2C500italic%2C700%2C700italic%2C900%2C900italic|font_style:500%20bold%20regular%3A500%3Anormal&#8221; css=&#8221;&#8221; use_custom_heading=&#8221;true&#8221;]<\/p>\n<p style=\"text-align: justify\">Os estagi\u00e1rios poder\u00e3o atuar com desenhos e montagens mec\u00e2nicas ou na utiliza\u00e7\u00e3o de equipamentos de metrologia de ultima gera\u00e7\u00e3o. Poder\u00e3o se envolver com atividades de alinhamento de precis\u00e3o de pe\u00e7as e componentes, atuando na leitura, estudo e an\u00e1lise de desenhos t\u00e9cnicos, toler\u00e2ncias, inspec\u00e3o de pe\u00e7as com o aux\u00edlio de instrumentos de medi\u00e7\u00e3o como paqu\u00edmetro, micr\u00f4metro, alt\u00edmetro, medi\u00e7\u00e3o por coordenadas, laser tracker, interfer\u00f4metro a laser e bra\u00e7o com scanner 3D, ou ainda ter a possibilidade de realizar procedimentos de calibra\u00e7\u00e3o em instrumentos de medi\u00e7\u00e3o e controle de qualidade.<\/p>\n<p>[\/vc_toggle][vc_column_text css=&#8221;&#8221;]<strong>Cursando <\/strong><strong>T\u00e9cnico em: <\/strong>Fabrica\u00e7\u00e3o Mec\u00e2nica, Usinagem, Mec\u00e2nica, Mecatr\u00f4nica, Agrimensura \/ Geod\u00e9sia e Cartografia.[\/vc_column_text][vc_separator color=&#8221;violet&#8221;][\/vc_column][\/vc_row][vc_row type=&#8221;vc_default&#8221;][vc_column][vc_toggle title=&#8221;TEC 4 &#8211; LOG\u00cdSTICA T\u00c9CNICA E CONTROLE DE MATERIAIS&#8221; color=&#8221;violet&#8221; size=&#8221;lg&#8221; custom_font_container=&#8221;tag:h4|text_align:justify|color:%238652a1&#8243; custom_google_fonts=&#8221;font_family:Roboto%3A100%2C100italic%2C300%2C300italic%2Cregular%2Citalic%2C500%2C500italic%2C700%2C700italic%2C900%2C900italic|font_style:500%20bold%20regular%3A500%3Anormal&#8221; css=&#8221;&#8221; use_custom_heading=&#8221;true&#8221;]As atividades dessa TEC envolvem apoio no controle e registro de materiais, pe\u00e7as e ferramentas utilizadas em projetos e laborat\u00f3rios, mantendo invent\u00e1rio t\u00e9cnico atualizado e registrando movimenta\u00e7\u00f5es com rastreabilidade. Planejamento e reposi\u00e7\u00e3o de materiais conforme solicita\u00e7\u00f5es, considerando criticidade, prazos e frequ\u00eancia de uso. Organiza\u00e7\u00e3o f\u00edsica e documental do acervo t\u00e9cnico, com identifica\u00e7\u00e3o padronizada e hist\u00f3rico de uso. Apoio a processos de aquisi\u00e7\u00e3o e recebimento, incluindo verifica\u00e7\u00e3o de conformidade, contato com fornecedores e alinhamento de entregas. Gera\u00e7\u00e3o e acompanhamento de indicadores de uso.[\/vc_toggle][vc_column_text css=&#8221;&#8221;]<strong>Cursando <\/strong><strong>T\u00e9cnico em<\/strong>: Log\u00edstica, Administra\u00e7\u00e3o, Gest\u00e3o da Produ\u00e7\u00e3o ou \u00e1reas correlatas.[\/vc_column_text][vc_separator color=&#8221;violet&#8221;][vc_btn title=&#8221;Inscreva-se&#8221; color=&#8221;purple&#8221; size=&#8221;lg&#8221; align=&#8221;center&#8221; css=&#8221;&#8221; button_block=&#8221;true&#8221; link=&#8221;url:https%3A%2F%2Fpue.gupy.io%2F|target:_blank&#8221;][\/vc_column][\/vc_row]<\/p>\n<\/div>","protected":false},"excerpt":{"rendered":"<p>[vc_row type=&#8221;vc_default&#8221;][vc_column][vc_toggle title=&#8221;TEC 1 &#8211; ELETR\u00d4NICA e ELETROELETR\u00d4NICA E MECATR\u00d4NICA&#8221; color=&#8221;violet&#8221; size=&#8221;lg&#8221; custom_font_container=&#8221;tag:h4|text_align:justify|color:%238652a1&#8243; custom_google_fonts=&#8221;font_family:Roboto%3A100%2C100italic%2C300%2C300italic%2Cregular%2Citalic%2C500%2C500italic%2C700%2C700italic%2C900%2C900italic|font_style:500%20bold%20regular%3A500%3Anormal&#8221; css=&#8221;&#8221; use_custom_heading=&#8221;true&#8221;] As atividades dessa TEC envolvem apoio \u00e0s equipes na montagem, valida\u00e7\u00e3o e manuten\u00e7\u00e3o de circuitos e equipamentos eletr\u00f4nicos, execu\u00e7\u00e3o de testes, corre\u00e7\u00f5es de falhas, acompanhamento de instala\u00e7\u00f5es em esta\u00e7\u00f5es experimentais e laborat\u00f3rios e participa\u00e7\u00e3o em projetos que podem abranger&hellip;<\/p>\n","protected":false},"author":10,"featured_media":0,"parent":0,"menu_order":0,"comment_status":"closed","ping_status":"closed","template":"template-microsite.php","meta":{"footnotes":""},"class_list":["post-580","page","type-page","status-publish","hentry","description-off"],"_links":{"self":[{"href":"https:\/\/pages.cnpem.br\/pue\/wp-json\/wp\/v2\/pages\/580","targetHints":{"allow":["GET"]}}],"collection":[{"href":"https:\/\/pages.cnpem.br\/pue\/wp-json\/wp\/v2\/pages"}],"about":[{"href":"https:\/\/pages.cnpem.br\/pue\/wp-json\/wp\/v2\/types\/page"}],"author":[{"embeddable":true,"href":"https:\/\/pages.cnpem.br\/pue\/wp-json\/wp\/v2\/users\/10"}],"replies":[{"embeddable":true,"href":"https:\/\/pages.cnpem.br\/pue\/wp-json\/wp\/v2\/comments?post=580"}],"version-history":[{"count":0,"href":"https:\/\/pages.cnpem.br\/pue\/wp-json\/wp\/v2\/pages\/580\/revisions"}],"wp:attachment":[{"href":"https:\/\/pages.cnpem.br\/pue\/wp-json\/wp\/v2\/media?parent=580"}],"curies":[{"name":"wp","href":"https:\/\/api.w.org\/{rel}","templated":true}]}}