{"id":37,"date":"2023-06-21T19:08:14","date_gmt":"2023-06-21T19:08:14","guid":{"rendered":"https:\/\/pages.cnpem.br\/workshopbioimagens\/?page_id=37"},"modified":"2023-10-16T18:37:49","modified_gmt":"2023-10-16T18:37:49","slug":"37-2","status":"publish","type":"page","link":"https:\/\/pages.cnpem.br\/workshopbioimagens\/37-2\/","title":{"rendered":"Agenda"},"content":{"rendered":"<div class=\"wpb-content-wrapper\"><p>[vc_row][vc_column][vc_text_separator title=&#8221;16 de outubro&#8221;][vc_column_text]<strong>MANH\u00c3<\/strong><\/p>\n<p>PALESTRAS &#8211; Microscopia Confocal<\/p>\n<p>8:30 \u00e0s 12:30:<\/p>\n<p>Chair: Murilo de Carvalho<\/p>\n<ul>\n<li><strong>Simoni Avansini (LNBio \u2013 CNPEM):<\/strong> Imageamento tridimensional de modelos humanos do c\u00e9rebro: perspectivas e desafios na compreens\u00e3o da fisiopatologia de doen\u00e7as neurol\u00f3gicas complexas<\/li>\n<li><strong>Marcelo Bispo de Jesus (IB \u2013 Unicamp):<\/strong> Foco na Imagem: desvendando os mist\u00e9rios da microscopia confocal e boas pr\u00e1ticas de aquisi\u00e7\u00e3o de imagem<\/li>\n<li><strong>Piero Bagnaresi (Leica):<\/strong>\u00a0&#8220;Nanoscopia: explorando a fluoresc\u00eancia para o aumento da resolu\u00e7\u00e3o em microscopia \u00f3ptica&#8221;<\/li>\n<\/ul>\n<p><strong>TARDE<\/strong><\/p>\n<p>PALESTRAS &#8211; Microcopia quantitativa e resolvida no tempo<\/p>\n<p>14:30 \u00e0s 17:00<\/p>\n<p>Chair: Juliana Helena Costa Smetana<\/p>\n<ul>\n<li><strong>Monica Cotta (IFGW \u2013 Unicamp): <\/strong>Ades\u00e3o bacteriana e forma\u00e7\u00e3o de biofilmes: o que podemos aprender modificando materiais e interfaces?<\/li>\n<li><strong>Douglas Adamoski (LNBio \u2013 CNPEM):<\/strong> Exploring Mitochondrial Morphology: Challenges in Large-Scale Quantitative Microscopy<\/li>\n<li><strong>Hernandes Faustino de Carvalho (Ilum \u2013 CNPEM e IB \u2013 Unicamp):<\/strong> Maravilhas da microscopia \u00f3ptica<\/li>\n<\/ul>\n<p>17:00: <span class=\"Y2IQFc\" lang=\"pt\">Sess\u00e3o de p\u00f4steres<\/span>[\/vc_column_text][vc_text_separator title=&#8221;17 de outubro&#8221;][vc_column_text]<strong>MANH\u00c3<\/strong><\/p>\n<p>PALESTRAS &#8211; Cryo-EM (Single Particle, Tomografia Estrutural e Subtomograma)<\/p>\n<p>8:30 \u00e0s 12:30:<\/p>\n<p>Chair: Rodrigo Portugal<\/p>\n<ul>\n<li><strong>Marin Van Heel (LNNano &#8211; CNPEM): <\/strong>Cryogenic Electron Microscopy and the Foundations of Physics<\/li>\n<li><b>Lia Carolina Almeida Soares de Medeiros Kuczera: <\/b>Microscopia eletr\u00f4nica 3D aplicada a amostras biol\u00f3gicas<\/li>\n<li><strong>Leonardo Talachia Rosa (UNICAMP): <\/strong>A era do gelo: A revolu\u00e7\u00e3o molecular catalisada pela Criomicroscopia eletr\u00f4nica<\/li>\n<\/ul>\n<p><strong>TARDE<\/strong><\/p>\n<p>PALESTRAS &#8211; Tomografia com luz s\u00edncrotron<\/p>\n<p>14:30 \u00e0s 17:00<\/p>\n<p>Chair: Rubia Figueredo Gouveia<\/p>\n<ul>\n<li><strong>Victor Martinez (LNLS &#8211; CNPEM):<\/strong> Desvendando o Potencial dos Biomateriais de Fosfatos de C\u00e1lcio na Regenera\u00e7\u00e3o de Tecidos \u00d3sseos: uma abordagem com Microtomografia de Raios X por Luz Sincrotron<\/li>\n<li><strong>Francine Fernandes (LNLS &#8211; CNPEM): <\/strong>Imagem por difra\u00e7\u00e3o de raio x coerente em ci\u00eancias biol\u00f3gicas<\/li>\n<li><strong>Carlos Perez (LNLS &#8211; CNPEM):<\/strong> Imageamento elementar e qu\u00edmico por microscopia de raios-x com radia\u00e7\u00e3o sincrotron<\/li>\n<\/ul>\n<p>[\/vc_column_text][\/vc_column][\/vc_row]<\/p>\n<\/div>","protected":false},"excerpt":{"rendered":"<p>[vc_row][vc_column][vc_text_separator title=&#8221;16 de outubro&#8221;][vc_column_text]MANH\u00c3 PALESTRAS &#8211; Microscopia Confocal 8:30 \u00e0s 12:30: Chair: Murilo de Carvalho Simoni Avansini (LNBio \u2013 CNPEM): Imageamento tridimensional de modelos humanos do c\u00e9rebro: perspectivas e desafios na compreens\u00e3o da fisiopatologia de doen\u00e7as neurol\u00f3gicas complexas Marcelo Bispo de Jesus (IB \u2013 Unicamp): Foco na Imagem: desvendando os mist\u00e9rios da microscopia confocal e&hellip;<\/p>\n","protected":false},"author":3407,"featured_media":0,"parent":0,"menu_order":0,"comment_status":"closed","ping_status":"closed","template":"","meta":{"footnotes":""},"class_list":["post-37","page","type-page","status-publish","hentry","description-off"],"_links":{"self":[{"href":"https:\/\/pages.cnpem.br\/workshopbioimagens\/wp-json\/wp\/v2\/pages\/37","targetHints":{"allow":["GET"]}}],"collection":[{"href":"https:\/\/pages.cnpem.br\/workshopbioimagens\/wp-json\/wp\/v2\/pages"}],"about":[{"href":"https:\/\/pages.cnpem.br\/workshopbioimagens\/wp-json\/wp\/v2\/types\/page"}],"author":[{"embeddable":true,"href":"https:\/\/pages.cnpem.br\/workshopbioimagens\/wp-json\/wp\/v2\/users\/3407"}],"replies":[{"embeddable":true,"href":"https:\/\/pages.cnpem.br\/workshopbioimagens\/wp-json\/wp\/v2\/comments?post=37"}],"version-history":[{"count":0,"href":"https:\/\/pages.cnpem.br\/workshopbioimagens\/wp-json\/wp\/v2\/pages\/37\/revisions"}],"wp:attachment":[{"href":"https:\/\/pages.cnpem.br\/workshopbioimagens\/wp-json\/wp\/v2\/media?parent=37"}],"curies":[{"name":"wp","href":"https:\/\/api.w.org\/{rel}","templated":true}]}}